Last updated on 2023-06-08 05:58:24 CEST.
Flavor | Version | Tinstall | Tcheck | Ttotal | Status | Flags |
---|---|---|---|---|---|---|
r-devel-linux-x86_64-debian-clang | 2.0.0 | 20.86 | 173.40 | 194.26 | OK | |
r-devel-linux-x86_64-debian-gcc | 2.0.0 | 17.54 | 126.03 | 143.57 | OK | |
r-devel-linux-x86_64-fedora-clang | 2.0.0 | 238.48 | NOTE | |||
r-devel-linux-x86_64-fedora-gcc | 2.0.0 | 247.71 | OK | |||
r-devel-windows-x86_64 | 2.0.0 | 19.00 | 161.00 | 180.00 | NOTE | |
r-patched-linux-x86_64 | 2.0.0 | 18.82 | 158.71 | 177.53 | OK | |
r-release-linux-x86_64 | 2.0.0 | 19.48 | 160.52 | 180.00 | OK | |
r-release-macos-arm64 | 2.0.0 | 84.00 | NOTE | |||
r-release-macos-x86_64 | 2.0.0 | 146.00 | NOTE | |||
r-release-windows-x86_64 | 2.0.0 | 25.00 | 192.00 | 217.00 | NOTE | |
r-oldrel-macos-arm64 | 2.0.0 | 66.00 | NOTE | |||
r-oldrel-macos-x86_64 | 2.0.0 | 108.00 | NOTE | |||
r-oldrel-windows-x86_64 | 2.0.0 | 25.00 | 181.00 | 206.00 | NOTE |
Version: 2.0.0
Check: installed package size
Result: NOTE
installed size is 10.0Mb
sub-directories of 1Mb or more:
doc 7.1Mb
ubinc 2.0Mb
Flavors: r-devel-linux-x86_64-fedora-clang, r-devel-windows-x86_64, r-release-macos-arm64, r-release-macos-x86_64, r-release-windows-x86_64, r-oldrel-macos-arm64, r-oldrel-macos-x86_64, r-oldrel-windows-x86_64