CRAN Package Check Results for Package ubms

Last updated on 2021-04-22 18:48:54 CEST.

Flavor Version Tinstall Tcheck Ttotal Status Flags
r-devel-linux-x86_64-debian-clang 1.0.2 344.23 264.30 608.53 NOTE
r-devel-linux-x86_64-debian-gcc 1.0.2 281.01 205.71 486.72 NOTE
r-devel-linux-x86_64-fedora-clang 1.0.2 802.71 NOTE
r-devel-linux-x86_64-fedora-gcc 1.0.2 852.56 NOTE
r-devel-windows-ix86+x86_64 1.0.2 718.00 482.00 1200.00 NOTE
r-devel-windows-x86_64-gcc10-UCRT 1.0.2 WARN
r-patched-linux-x86_64 1.0.2 313.68 256.73 570.41 NOTE
r-patched-solaris-x86 1.0.2 839.10 NOTE
r-release-linux-x86_64 1.0.2 310.45 253.71 564.16 NOTE
r-release-macos-x86_64 1.0.2 NOTE
r-release-windows-ix86+x86_64 1.0.2 706.00 473.00 1179.00 NOTE
r-oldrel-macos-x86_64 1.0.2 NOTE
r-oldrel-windows-ix86+x86_64 1.0.2 597.00 435.00 1032.00 ERROR

Check Details

Version: 1.0.2
Check: for GNU extensions in Makefiles
Result: NOTE
    GNU make is a SystemRequirements.
Flavors: r-devel-linux-x86_64-debian-clang, r-devel-linux-x86_64-debian-gcc, r-devel-linux-x86_64-fedora-clang, r-devel-linux-x86_64-fedora-gcc, r-devel-windows-ix86+x86_64, r-devel-windows-x86_64-gcc10-UCRT, r-patched-linux-x86_64, r-patched-solaris-x86, r-release-linux-x86_64, r-release-macos-x86_64, r-release-windows-ix86+x86_64, r-oldrel-macos-x86_64, r-oldrel-windows-ix86+x86_64

Version: 1.0.2
Check: installed package size
Result: NOTE
     installed size is 52.2Mb
     sub-directories of 1Mb or more:
     R 1.4Mb
     libs 50.1Mb
Flavors: r-devel-linux-x86_64-fedora-clang, r-devel-windows-ix86+x86_64, r-patched-solaris-x86, r-release-macos-x86_64, r-release-windows-ix86+x86_64, r-oldrel-macos-x86_64, r-oldrel-windows-ix86+x86_64

Version: 1.0.2
Check: line endings in C/C++/Fortran sources/headers
Result: NOTE
    Found the following sources/headers with CR or CRLF line endings:
     src/RcppExports.cpp
     src/stanExports_colext.cc
     src/stanExports_colext.h
     src/stanExports_single_season.cc
     src/stanExports_single_season.h
    Some Unix compilers require LF line endings.
Flavor: r-devel-windows-x86_64-gcc10-UCRT

Version: 1.0.2
Check: line endings in Makefiles
Result: WARN
    Found the following Makefile(s) with CR or CRLF line endings:
     src/Makevars
    Some Unix 'make' programs require LF line endings.
Flavor: r-devel-windows-x86_64-gcc10-UCRT

Version: 1.0.2
Check: running tests for arch ‘i386’
Result: ERROR
     Running 'testthat.R' [42s]
    Running the tests in 'tests/testthat.R' failed.
    Complete output:
     > library(testthat)
     > library(ubms)
     Loading required package: unmarked
     Loading required package: lattice
    
     Attaching package: 'ubms'
    
     The following objects are masked from 'package:unmarked':
    
     fitList, projected
    
     > test_check("ubms")
     == Skipped tests ===============================================================
     * On CRAN (7)
    
     == Failed tests ================================================================
     -- Failure (test_occu.R:70:3): stan_occu handles NA values ---------------------
     coef(fit)/10 not equivalent to coef(fit_na)/10.
     2/4 mismatches (average diff: 0.351)
     [1] 1.187 - 0.786 == 0.401
     [2] -0.484 - -0.182 == -0.301
     -- Failure (test_occu.R:76:3): ubmsFitOccu gof method works --------------------
     between(g@estimate, 25, 35) is not TRUE
    
     `actual`: FALSE
     `expected`: TRUE
    
     [ FAIL 2 | WARN 0 | SKIP 7 | PASS 487 ]
     Error: Test failures
     Execution halted
Flavor: r-oldrel-windows-ix86+x86_64