CRAN Package Check Results for Package uchardet

Last updated on 2022-08-09 09:53:07 CEST.

Flavor Version Tinstall Tcheck Ttotal Status Flags
r-devel-linux-x86_64-debian-clang 1.1.0 7.62 27.24 34.86 NOTE
r-devel-linux-x86_64-debian-gcc 1.1.0 6.45 21.25 27.70 NOTE
r-devel-linux-x86_64-fedora-clang 1.1.0 55.98 NOTE
r-devel-linux-x86_64-fedora-gcc 1.1.0 54.80 NOTE
r-devel-windows-x86_64 1.1.0 140.00 78.00 218.00 NOTE
r-patched-linux-x86_64 1.1.0 6.79 26.33 33.12 NOTE
r-release-linux-x86_64 1.1.0 NOTE
r-release-macos-arm64 1.1.0 21.00 NOTE
r-release-macos-x86_64 1.1.0 30.00 NOTE
r-release-windows-x86_64 1.1.0 129.00 84.00 213.00 NOTE
r-oldrel-macos-arm64 1.1.0 26.00 NOTE
r-oldrel-macos-x86_64 1.1.0 37.00 NOTE
r-oldrel-windows-ix86+x86_64 1.1.0 35.00 74.00 109.00 NOTE

Check Details

Version: 1.1.0
Check: for GNU extensions in Makefiles
Result: NOTE
    GNU make is a SystemRequirements.
Flavors: r-devel-linux-x86_64-debian-clang, r-devel-linux-x86_64-debian-gcc, r-devel-linux-x86_64-fedora-clang, r-devel-linux-x86_64-fedora-gcc, r-devel-windows-x86_64, r-patched-linux-x86_64, r-release-linux-x86_64, r-release-macos-arm64, r-release-macos-x86_64, r-release-windows-x86_64, r-oldrel-macos-arm64, r-oldrel-macos-x86_64, r-oldrel-windows-ix86+x86_64