CRAN Package Check Results for Package uchardet

Last updated on 2020-02-25 04:48:20 CET.

Flavor Version Tinstall Tcheck Ttotal Status Flags
r-devel-linux-x86_64-debian-clang 1.0.2 39.94 31.04 70.98 NOTE
r-devel-linux-x86_64-debian-gcc 1.0.2 23.11 25.10 48.21 NOTE
r-devel-linux-x86_64-fedora-clang 1.0.2 104.41 NOTE
r-devel-linux-x86_64-fedora-gcc 1.0.2 85.66 NOTE
r-devel-windows-ix86+x86_64 1.0.2 91.00 79.00 170.00 NOTE
r-devel-windows-ix86+x86_64-gcc8 1.0.2 117.00 70.00 187.00 NOTE
r-patched-linux-x86_64 1.0.2 27.93 28.97 56.90 NOTE
r-patched-solaris-x86 1.0.2 88.30 NOTE
r-release-linux-x86_64 1.0.2 28.47 29.27 57.74 NOTE
r-release-windows-ix86+x86_64 1.0.2 86.00 65.00 151.00 NOTE
r-release-osx-x86_64 1.0.2 WARN
r-oldrel-windows-ix86+x86_64 1.0.2 115.00 74.00 189.00 NOTE
r-oldrel-osx-x86_64 1.0.2 WARN

Check Details

Version: 1.0.2
Check: for GNU extensions in Makefiles
Result: NOTE
    GNU make is a SystemRequirements.
Flavors: r-devel-linux-x86_64-debian-clang, r-devel-linux-x86_64-debian-gcc, r-devel-linux-x86_64-fedora-clang, r-devel-linux-x86_64-fedora-gcc, r-devel-windows-ix86+x86_64, r-devel-windows-ix86+x86_64-gcc8, r-patched-linux-x86_64, r-patched-solaris-x86, r-release-linux-x86_64, r-release-windows-ix86+x86_64, r-release-osx-x86_64, r-oldrel-windows-ix86+x86_64, r-oldrel-osx-x86_64

Version: 1.0.2
Check: for executable files
Result: WARN
    Found the following executable files:
     inst/examples/ko.txt
     inst/examples/ru/koi8-r.txt
     src/uchardet/test/ru/koi8-r.txt
    Source packages should not contain undeclared executable files.
    See section ‘Package structure’ in the ‘Writing R Extensions’ manual.
Flavors: r-release-osx-x86_64, r-oldrel-osx-x86_64