CRAN Package Check Results for Package uchardet

Last updated on 2022-12-07 23:55:28 CET.

Flavor Version Tinstall Tcheck Ttotal Status Flags
r-devel-linux-x86_64-debian-clang 1.1.1 8.16 27.49 35.65 NOTE
r-devel-linux-x86_64-debian-gcc 1.1.1 6.18 21.72 27.90 NOTE
r-devel-linux-x86_64-fedora-clang 1.1.1 57.29 NOTE
r-devel-linux-x86_64-fedora-gcc 1.1.1 64.79 NOTE
r-devel-windows-x86_64 1.1.1 137.00 82.00 219.00 NOTE
r-patched-linux-x86_64 1.1.1 6.75 25.84 32.59 NOTE
r-release-linux-x86_64 1.1.1 6.32 26.36 32.68 NOTE
r-release-macos-arm64 1.1.1 23.00 NOTE
r-release-macos-x86_64 1.1.1 30.00 NOTE
r-release-windows-x86_64 1.1.1 129.00 86.00 215.00 NOTE
r-oldrel-macos-arm64 1.1.1 26.00 NOTE
r-oldrel-macos-x86_64 1.1.1 35.00 NOTE
r-oldrel-windows-ix86+x86_64 1.1.1 34.00 73.00 107.00 NOTE

Check Details

Version: 1.1.1
Check: for GNU extensions in Makefiles
Result: NOTE
    GNU make is a SystemRequirements.
Flavors: r-devel-linux-x86_64-debian-clang, r-devel-linux-x86_64-debian-gcc, r-devel-linux-x86_64-fedora-clang, r-devel-linux-x86_64-fedora-gcc, r-devel-windows-x86_64, r-patched-linux-x86_64, r-release-linux-x86_64, r-release-macos-arm64, r-release-macos-x86_64, r-release-windows-x86_64, r-oldrel-macos-arm64, r-oldrel-macos-x86_64, r-oldrel-windows-ix86+x86_64