Last updated on 2022-08-18 14:52:20 CEST.
Flavor | Version | Tinstall | Tcheck | Ttotal | Status | Flags |
---|---|---|---|---|---|---|
r-devel-linux-x86_64-debian-clang | 0.8.9 | 151.12 | 415.00 | 566.12 | OK | |
r-devel-linux-x86_64-debian-gcc | 0.8.9 | 139.95 | 248.23 | 388.18 | OK | |
r-devel-linux-x86_64-fedora-clang | 0.8.9 | 675.55 | NOTE | |||
r-devel-linux-x86_64-fedora-gcc | 0.8.9 | 778.88 | OK | |||
r-devel-windows-x86_64 | 0.8.9 | 142.00 | 482.00 | 624.00 | NOTE | |
r-patched-linux-x86_64 | 0.8.9 | 144.93 | 409.07 | 554.00 | OK | |
r-release-linux-x86_64 | 0.8.9 | 144.90 | 419.90 | 564.80 | OK | |
r-release-macos-arm64 | 0.8.9 | 236.00 | NOTE | |||
r-release-macos-x86_64 | 0.8.9 | 256.00 | NOTE | |||
r-release-windows-x86_64 | 0.8.9 | 137.00 | 464.00 | 601.00 | NOTE | |
r-oldrel-macos-arm64 | 0.8.9 | 206.00 | NOTE | |||
r-oldrel-macos-x86_64 | 0.8.9 | 248.00 | NOTE | |||
r-oldrel-windows-ix86+x86_64 | 0.8.9 | 329.00 | 607.00 | 936.00 | NOTE |
Version: 0.8.9
Check: installed package size
Result: NOTE
installed size is 7.1Mb
sub-directories of 1Mb or more:
doc 1.4Mb
dummydata 1.4Mb
libs 2.4Mb
Flavors: r-devel-linux-x86_64-fedora-clang, r-devel-windows-x86_64, r-release-macos-arm64, r-release-macos-x86_64, r-release-windows-x86_64, r-oldrel-macos-arm64, r-oldrel-macos-x86_64, r-oldrel-windows-ix86+x86_64