CRAN Package Check Results for Package ukpolice

Last updated on 2022-09-28 23:28:32 CEST.

Flavor Version Tinstall Tcheck Ttotal Status Flags
r-devel-linux-x86_64-debian-clang 0.2.2 5.15 47.93 53.08 NOTE
r-devel-linux-x86_64-debian-gcc 0.2.2 3.63 36.60 40.23 NOTE
r-devel-linux-x86_64-fedora-clang 0.2.2 76.78 NOTE
r-devel-linux-x86_64-fedora-gcc 0.2.2 80.21 NOTE
r-devel-windows-x86_64 0.2.2 21.00 79.00 100.00 NOTE
r-patched-linux-x86_64 0.2.2 3.98 44.50 48.48 NOTE
r-release-linux-x86_64 0.2.2 4.58 44.20 48.78 NOTE
r-release-macos-arm64 0.2.2 21.00 NOTE
r-release-macos-x86_64 0.2.2 32.00 NOTE
r-release-windows-x86_64 0.2.2 20.00 79.00 99.00 NOTE
r-oldrel-macos-arm64 0.2.2 30.00 NOTE
r-oldrel-macos-x86_64 0.2.2 35.00 NOTE
r-oldrel-windows-ix86+x86_64 0.2.2 12.00 72.00 84.00 NOTE

Check Details

Version: 0.2.2
Check: LazyData
Result: NOTE
     'LazyData' is specified without a 'data' directory
Flavors: r-devel-linux-x86_64-debian-clang, r-devel-linux-x86_64-debian-gcc, r-devel-linux-x86_64-fedora-clang, r-devel-linux-x86_64-fedora-gcc, r-devel-windows-x86_64, r-patched-linux-x86_64, r-release-linux-x86_64, r-release-macos-arm64, r-release-macos-x86_64, r-release-windows-x86_64, r-oldrel-macos-arm64, r-oldrel-macos-x86_64, r-oldrel-windows-ix86+x86_64