Last updated on 2023-01-30 12:55:34 CET.
Flavor | Version | Tinstall | Tcheck | Ttotal | Status | Flags |
---|---|---|---|---|---|---|
r-devel-linux-x86_64-debian-clang | 1.4.2 | 56.66 | 126.41 | 183.07 | OK | |
r-devel-linux-x86_64-debian-gcc | 1.4.2 | 45.03 | 99.07 | 144.10 | OK | |
r-devel-linux-x86_64-fedora-clang | 1.4.2 | 228.27 | OK | |||
r-devel-linux-x86_64-fedora-gcc | 1.4.2 | 256.93 | OK | |||
r-devel-windows-x86_64 | 1.4.2 | 67.00 | 201.00 | 268.00 | OK | |
r-patched-linux-x86_64 | 1.4.2 | 43.05 | 119.21 | 162.26 | OK | |
r-release-linux-x86_64 | 1.4.2 | 51.85 | 124.35 | 176.20 | OK | |
r-release-macos-arm64 | 1.4.2 | 66.00 | NOTE | |||
r-release-macos-x86_64 | 1.4.2 | 90.00 | NOTE | |||
r-release-windows-x86_64 | 1.4.2 | 67.00 | 206.00 | 273.00 | OK | |
r-oldrel-macos-arm64 | 1.4.2 | 74.00 | NOTE | |||
r-oldrel-macos-x86_64 | 1.4.2 | 84.00 | NOTE | |||
r-oldrel-windows-ix86+x86_64 | 1.4.2 | 123.00 | 252.00 | 375.00 | OK |
Version: 1.4.2
Check: installed package size
Result: NOTE
installed size is 15.3Mb
sub-directories of 1Mb or more:
libs 14.6Mb
Flavors: r-release-macos-arm64, r-release-macos-x86_64, r-oldrel-macos-arm64, r-oldrel-macos-x86_64