CRAN Package Check Results for Package unheadr

Last updated on 2021-09-21 12:53:58 CEST.

Flavor Version Tinstall Tcheck Ttotal Status Flags
r-devel-linux-x86_64-debian-clang 0.3.2 2.58 39.92 42.50 OK
r-devel-linux-x86_64-debian-gcc 0.3.2 2.28 30.35 32.63 OK
r-devel-linux-x86_64-fedora-clang 0.3.2 59.31 OK
r-devel-linux-x86_64-fedora-gcc 0.3.2 49.11 OK
r-devel-windows-x86_64 0.3.2 4.00 45.00 49.00 OK
r-devel-windows-x86_64-gcc10-UCRT 0.3.2 ERROR
r-patched-linux-x86_64 0.3.2 3.23 36.65 39.88 OK
r-patched-solaris-x86 0.3.2 75.10 OK
r-release-linux-x86_64 0.3.2 2.39 37.04 39.43 OK
r-release-macos-arm64 0.3.2 OK
r-release-macos-x86_64 0.3.2 OK
r-release-windows-ix86+x86_64 0.3.2 7.00 46.00 53.00 OK
r-oldrel-macos-x86_64 0.3.2 OK
r-oldrel-windows-ix86+x86_64 0.3.2 11.00 43.00 54.00 OK

Check Details

Version: 0.3.2
Check: whether package can be installed
Result: WARN
    Found the following significant warnings:
     WARNING: installation-time patches will not be applied, could not get the patches index
Flavor: r-devel-windows-x86_64-gcc10-UCRT

Version: 0.3.2
Check: PDF version of manual
Result: WARN
    LaTeX errors when creating PDF version.
    This typically indicates Rd problems.
Flavor: r-devel-windows-x86_64-gcc10-UCRT

Version: 0.3.2
Check: PDF version of manual without hyperrefs or index
Result: ERROR
    Re-running with no redirection of stdout/stderr.
Flavor: r-devel-windows-x86_64-gcc10-UCRT