CRAN Package Check Results for Package unifDAG

Last updated on 2021-09-28 17:50:04 CEST.

Flavor Version Tinstall Tcheck Ttotal Status Flags
r-devel-linux-x86_64-debian-clang 1.0.3 6.08 64.25 70.33 NOTE
r-devel-linux-x86_64-debian-gcc 1.0.3 4.15 52.28 56.43 NOTE
r-devel-linux-x86_64-fedora-clang 1.0.3 96.70 NOTE
r-devel-linux-x86_64-fedora-gcc 1.0.3 87.61 NOTE
r-devel-windows-x86_64 1.0.3 10.00 71.00 81.00 NOTE
r-devel-windows-x86_64-gcc10-UCRT 1.0.3 NOTE
r-patched-linux-x86_64 1.0.3 5.43 63.84 69.27 NOTE
r-patched-solaris-x86 1.0.3 134.80 NOTE
r-release-linux-x86_64 1.0.3 5.60 64.00 69.60 NOTE
r-release-macos-arm64 1.0.3 NOTE
r-release-macos-x86_64 1.0.3 NOTE
r-release-windows-ix86+x86_64 1.0.3 12.00 70.00 82.00 NOTE
r-oldrel-macos-x86_64 1.0.3 OK
r-oldrel-windows-ix86+x86_64 1.0.3 11.00 79.00 90.00 OK

Check Details

Version: 1.0.3
Check: LazyData
Result: NOTE
     'LazyData' is specified without a 'data' directory
Flavors: r-devel-linux-x86_64-debian-clang, r-devel-linux-x86_64-debian-gcc, r-devel-linux-x86_64-fedora-clang, r-devel-linux-x86_64-fedora-gcc, r-devel-windows-x86_64, r-devel-windows-x86_64-gcc10-UCRT, r-patched-linux-x86_64, r-patched-solaris-x86, r-release-linux-x86_64, r-release-macos-arm64, r-release-macos-x86_64, r-release-windows-ix86+x86_64