CRAN Package Check Results for Package uniftest

Last updated on 2020-08-07 20:47:07 CEST.

Flavor Version Tinstall Tcheck Ttotal Status Flags
r-devel-linux-x86_64-debian-clang 1.1 2.57 27.57 30.14 NOTE
r-devel-linux-x86_64-debian-gcc 1.1 1.50 21.16 22.66 NOTE
r-devel-linux-x86_64-fedora-clang 1.1 43.04 NOTE
r-devel-linux-x86_64-fedora-gcc 1.1 34.02 NOTE
r-devel-windows-ix86+x86_64 1.1 10.00 40.00 50.00 NOTE
r-patched-linux-x86_64 1.1 2.58 27.05 29.63 NOTE
r-patched-solaris-x86 1.1 51.70 NOTE
r-release-linux-x86_64 1.1 2.42 27.00 29.42 NOTE
r-release-macos-x86_64 1.1 NOTE
r-release-windows-ix86+x86_64 1.1 13.00 51.00 64.00 NOTE
r-oldrel-macos-x86_64 1.1 NOTE
r-oldrel-windows-ix86+x86_64 1.1 5.00 55.00 60.00 NOTE

Check Details

Version: 1.1
Check: R code for possible problems
Result: NOTE
    dudewicz.unif.test: no visible global function definition for 'runif'
    frosini.unif.test: no visible global function definition for 'runif'
    hegazy.unif.test: no visible global function definition for 'runif'
    kolmogorov.unif.test: no visible global function definition for 'runif'
    kuiper.unif.test: no visible global function definition for 'runif'
    neyman.unif.test: no visible global function definition for 'runif'
    quesenberry.unif.test: no visible global function definition for
     'runif'
    sarkadi.unif.test: no visible global function definition for 'runif'
    sherman.unif.test: no visible global function definition for 'runif'
    Undefined global functions or variables:
     runif
    Consider adding
     importFrom("stats", "runif")
    to your NAMESPACE file.
Flavors: r-devel-linux-x86_64-debian-clang, r-devel-linux-x86_64-debian-gcc, r-devel-linux-x86_64-fedora-clang, r-devel-linux-x86_64-fedora-gcc, r-devel-windows-ix86+x86_64, r-patched-linux-x86_64, r-patched-solaris-x86, r-release-linux-x86_64, r-release-macos-x86_64, r-release-windows-ix86+x86_64, r-oldrel-macos-x86_64, r-oldrel-windows-ix86+x86_64