CRAN Package Check Results for Package uniftest

Last updated on 2019-08-21 22:48:53 CEST.

Flavor Version Tinstall Tcheck Ttotal Status Flags
r-devel-linux-x86_64-debian-clang 1.1 2.35 24.58 26.93 NOTE
r-devel-linux-x86_64-debian-gcc 1.1 NOTE
r-devel-linux-x86_64-fedora-clang 1.1 32.70 NOTE
r-devel-linux-x86_64-fedora-gcc 1.1 33.57 NOTE
r-devel-windows-ix86+x86_64 1.1 6.00 79.00 85.00 NOTE
r-patched-linux-x86_64 1.1 1.81 24.73 26.54 NOTE
r-patched-solaris-x86 1.1 49.90 NOTE
r-release-linux-x86_64 1.1 2.09 24.48 26.57 NOTE
r-release-windows-ix86+x86_64 1.1 5.00 41.00 46.00 NOTE
r-release-osx-x86_64 1.1 NOTE
r-oldrel-windows-ix86+x86_64 1.1 4.00 49.00 53.00 NOTE
r-oldrel-osx-x86_64 1.1 NOTE

Check Details

Version: 1.1
Check: R code for possible problems
Result: NOTE
    dudewicz.unif.test: no visible global function definition for 'runif'
    frosini.unif.test: no visible global function definition for 'runif'
    hegazy.unif.test: no visible global function definition for 'runif'
    kolmogorov.unif.test: no visible global function definition for 'runif'
    kuiper.unif.test: no visible global function definition for 'runif'
    neyman.unif.test: no visible global function definition for 'runif'
    quesenberry.unif.test: no visible global function definition for
     'runif'
    sarkadi.unif.test: no visible global function definition for 'runif'
    sherman.unif.test: no visible global function definition for 'runif'
    Undefined global functions or variables:
     runif
    Consider adding
     importFrom("stats", "runif")
    to your NAMESPACE file.
Flavors: r-devel-linux-x86_64-debian-clang, r-devel-linux-x86_64-debian-gcc, r-devel-linux-x86_64-fedora-clang, r-devel-linux-x86_64-fedora-gcc, r-devel-windows-ix86+x86_64, r-patched-linux-x86_64, r-patched-solaris-x86, r-release-linux-x86_64, r-release-windows-ix86+x86_64, r-release-osx-x86_64, r-oldrel-windows-ix86+x86_64, r-oldrel-osx-x86_64