CRAN Package Check Results for Package unisensR

Last updated on 2024-06-24 18:55:52 CEST.

Flavor Version Tinstall Tcheck Ttotal Status Flags
r-devel-linux-x86_64-debian-clang 0.3.3 2.36 35.87 38.23 NOTE
r-devel-linux-x86_64-debian-gcc 0.3.3 2.04 27.86 29.90 NOTE
r-devel-linux-x86_64-fedora-clang 0.3.3 46.78 NOTE
r-devel-linux-x86_64-fedora-gcc 0.3.3 48.60 NOTE
r-devel-windows-x86_64 0.3.3 4.00 51.00 55.00 NOTE
r-patched-linux-x86_64 0.3.3 2.52 34.28 36.80 NOTE
r-release-linux-x86_64 0.3.3 2.43 35.31 37.74 NOTE
r-release-macos-arm64 0.3.3 22.00 NOTE
r-release-macos-x86_64 0.3.3 29.00 NOTE
r-release-windows-x86_64 0.3.3 4.00 51.00 55.00 NOTE
r-oldrel-macos-arm64 0.3.3 22.00 NOTE
r-oldrel-macos-x86_64 0.3.3 31.00 NOTE
r-oldrel-windows-x86_64 0.3.3 4.00 54.00 58.00 NOTE

Check Details

Version: 0.3.3
Check: LazyData
Result: NOTE 'LazyData' is specified without a 'data' directory Flavors: r-devel-linux-x86_64-debian-clang, r-devel-linux-x86_64-debian-gcc, r-devel-linux-x86_64-fedora-clang, r-devel-linux-x86_64-fedora-gcc, r-devel-windows-x86_64, r-patched-linux-x86_64, r-release-linux-x86_64, r-release-macos-arm64, r-release-macos-x86_64, r-release-windows-x86_64, r-oldrel-macos-arm64, r-oldrel-macos-x86_64, r-oldrel-windows-x86_64