CRAN Package Check Results for Package unisensR

Last updated on 2025-01-21 05:48:53 CET.

Flavor Version Tinstall Tcheck Ttotal Status Flags
r-devel-linux-x86_64-debian-clang 0.3.3 1.93 28.47 30.40 OK
r-devel-linux-x86_64-debian-gcc 0.3.3 1.34 23.09 24.43 OK
r-devel-linux-x86_64-fedora-clang 0.3.3 47.64 OK
r-devel-linux-x86_64-fedora-gcc 0.3.3 48.22 OK
r-devel-windows-x86_64 0.3.3 4.00 51.00 55.00 OK
r-patched-linux-x86_64 0.3.3 2.10 27.18 29.28 NOTE
r-release-linux-x86_64 0.3.3 1.78 27.44 29.22 NOTE
r-release-macos-arm64 0.3.3 22.00 NOTE
r-release-macos-x86_64 0.3.3 29.00 NOTE
r-release-windows-x86_64 0.3.3 4.00 50.00 54.00 NOTE
r-oldrel-macos-arm64 0.3.3 22.00 NOTE
r-oldrel-macos-x86_64 0.3.3 31.00 NOTE
r-oldrel-windows-x86_64 0.3.3 4.00 54.00 58.00 NOTE

Check Details

Version: 0.3.3
Check: LazyData
Result: NOTE 'LazyData' is specified without a 'data' directory Flavors: r-patched-linux-x86_64, r-release-linux-x86_64, r-release-macos-arm64, r-release-macos-x86_64, r-release-windows-x86_64, r-oldrel-macos-arm64, r-oldrel-macos-x86_64, r-oldrel-windows-x86_64