CRAN Package Check Results for Package unitedR

Last updated on 2022-08-16 11:49:47 CEST.

Flavor Version Tinstall Tcheck Ttotal Status Flags
r-devel-linux-x86_64-debian-clang 0.4 5.07 42.92 47.99 NOTE
r-devel-linux-x86_64-debian-gcc 0.4 4.09 32.95 37.04 NOTE
r-devel-linux-x86_64-fedora-clang 0.4 69.23 NOTE
r-devel-linux-x86_64-fedora-gcc 0.4 72.69 NOTE
r-devel-windows-x86_64 0.4 19.00 75.00 94.00 NOTE
r-patched-linux-x86_64 0.4 5.27 40.31 45.58 NOTE
r-release-linux-x86_64 0.4 4.88 40.82 45.70 NOTE
r-release-macos-arm64 0.4 23.00 NOTE
r-release-macos-x86_64 0.4 33.00 NOTE
r-release-windows-x86_64 0.4 18.00 83.00 101.00 NOTE
r-oldrel-macos-arm64 0.4 29.00 NOTE
r-oldrel-macos-x86_64 0.4 46.00 NOTE
r-oldrel-windows-ix86+x86_64 0.4 14.00 72.00 86.00 NOTE

Check Details

Version: 0.4
Check: LazyData
Result: NOTE
     'LazyData' is specified without a 'data' directory
Flavors: r-devel-linux-x86_64-debian-clang, r-devel-linux-x86_64-debian-gcc, r-devel-linux-x86_64-fedora-clang, r-devel-linux-x86_64-fedora-gcc, r-devel-windows-x86_64, r-patched-linux-x86_64, r-release-linux-x86_64, r-release-macos-arm64, r-release-macos-x86_64, r-release-windows-x86_64, r-oldrel-macos-arm64, r-oldrel-macos-x86_64, r-oldrel-windows-ix86+x86_64