CRAN Package Check Results for Package units

Last updated on 2021-11-30 15:52:37 CET.

Flavor Version Tinstall Tcheck Ttotal Status Flags
r-devel-linux-x86_64-debian-clang 0.7-2 25.21 69.85 95.06 OK
r-devel-linux-x86_64-debian-gcc 0.7-2 16.60 51.82 68.42 OK
r-devel-linux-x86_64-fedora-clang 0.7-2 140.58 OK
r-devel-linux-x86_64-fedora-gcc 0.7-2 118.19 OK
r-devel-windows-x86_64-new-UL 0.7-2 46.00 153.00 199.00 OK
r-devel-windows-x86_64-new-TK 0.7-2 OK
r-devel-windows-x86_64-old 0.7-2 32.00 85.00 117.00 OK
r-patched-linux-x86_64 0.7-2 21.28 67.41 88.69 OK
r-patched-solaris-x86 0.7-2 129.10 OK
r-release-linux-x86_64 0.7-2 20.78 67.33 88.11 OK
r-release-macos-arm64 0.7-2 NOTE
r-release-macos-x86_64 0.7-2 NOTE
r-release-windows-ix86+x86_64 0.7-2 65.00 108.00 173.00 OK
r-oldrel-macos-x86_64 0.7-2 OK
r-oldrel-windows-ix86+x86_64 0.7-2 39.00 149.00 188.00 OK

Check Details

Version: 0.7-2
Check: package dependencies
Result: NOTE
    Package suggested but not available for checking: ‘udunits2’
Flavors: r-release-macos-arm64, r-release-macos-x86_64