CRAN Package Check Results for Package unjoin

Last updated on 2023-03-21 13:51:08 CET.

Flavor Version Tinstall Tcheck Ttotal Status Flags
r-devel-linux-x86_64-debian-clang 0.1.0 4.55 41.74 46.29 NOTE
r-devel-linux-x86_64-debian-gcc 0.1.0 3.16 31.75 34.91 NOTE
r-devel-linux-x86_64-fedora-clang 0.1.0 57.37 NOTE
r-devel-linux-x86_64-fedora-gcc 0.1.0 54.03 NOTE
r-patched-linux-x86_64 0.1.0 4.00 41.89 45.89 NOTE
r-release-linux-x86_64 0.1.0 4.83 41.89 46.72 NOTE
r-release-macos-arm64 0.1.0 20.00 NOTE
r-release-macos-x86_64 0.1.0 44.00 NOTE
r-release-windows-x86_64 0.1.0 10.00 74.00 84.00 NOTE
r-oldrel-macos-arm64 0.1.0 27.00 NOTE
r-oldrel-macos-x86_64 0.1.0 39.00 NOTE
r-oldrel-windows-ix86+x86_64 0.1.0 10.00 66.00 76.00 NOTE

Check Details

Version: 0.1.0
Check: LazyData
Result: NOTE
     'LazyData' is specified without a 'data' directory
Flavors: r-devel-linux-x86_64-debian-clang, r-devel-linux-x86_64-debian-gcc, r-devel-linux-x86_64-fedora-clang, r-devel-linux-x86_64-fedora-gcc, r-patched-linux-x86_64, r-release-linux-x86_64, r-release-macos-arm64, r-release-macos-x86_64, r-release-windows-x86_64, r-oldrel-macos-arm64, r-oldrel-macos-x86_64, r-oldrel-windows-ix86+x86_64