CRAN Package Check Results for Package unmarked

Last updated on 2019-07-21 10:46:26 CEST.

Flavor Version Tinstall Tcheck Ttotal Status Flags
r-devel-linux-x86_64-debian-clang 0.12-3 117.99 255.04 373.03 NOTE
r-devel-linux-x86_64-debian-gcc 0.12-3 90.54 199.10 289.64 NOTE
r-devel-linux-x86_64-fedora-clang 0.12-3 497.37 NOTE
r-devel-linux-x86_64-fedora-gcc 0.12-3 372.89 NOTE
r-devel-windows-ix86+x86_64 0.12-3 190.00 481.00 671.00 NOTE
r-patched-linux-x86_64 0.12-3 117.07 253.74 370.81 NOTE
r-patched-solaris-x86 0.12-3 579.30 NOTE
r-release-linux-x86_64 0.12-3 106.95 254.16 361.11 NOTE
r-release-windows-ix86+x86_64 0.12-3 187.00 370.00 557.00 NOTE
r-release-osx-x86_64 0.12-3 NOTE
r-oldrel-windows-ix86+x86_64 0.12-3 248.00 334.00 582.00 NOTE
r-oldrel-osx-x86_64 0.12-3 NOTE

Check Details

Version: 0.12-3
Check: for GNU extensions in Makefiles
Result: NOTE
    GNU make is a SystemRequirements.
Flavors: r-devel-linux-x86_64-debian-clang, r-devel-linux-x86_64-debian-gcc, r-devel-linux-x86_64-fedora-clang, r-devel-linux-x86_64-fedora-gcc, r-devel-windows-ix86+x86_64, r-patched-linux-x86_64, r-patched-solaris-x86, r-release-linux-x86_64, r-release-windows-ix86+x86_64, r-release-osx-x86_64, r-oldrel-windows-ix86+x86_64, r-oldrel-osx-x86_64

Version: 0.12-3
Check: installed package size
Result: NOTE
     installed size is 8.0Mb
     sub-directories of 1Mb or more:
     R 1.2Mb
     doc 1.6Mb
     libs 4.2Mb
Flavors: r-devel-linux-x86_64-fedora-clang, r-devel-windows-ix86+x86_64, r-release-windows-ix86+x86_64, r-release-osx-x86_64, r-oldrel-windows-ix86+x86_64, r-oldrel-osx-x86_64