CRAN Package Check Results for Package unmarked

Last updated on 2019-04-23 15:51:08 CEST.

Flavor Version Tinstall Tcheck Ttotal Status Flags
r-devel-linux-x86_64-debian-clang 0.12-3 109.14 258.57 367.71 NOTE
r-devel-linux-x86_64-debian-gcc 0.12-3 89.40 197.50 286.90 NOTE
r-devel-linux-x86_64-fedora-clang 0.12-3 475.78 NOTE
r-devel-linux-x86_64-fedora-gcc 0.12-3 446.43 NOTE
r-devel-windows-ix86+x86_64 0.12-3 254.00 364.00 618.00 NOTE
r-patched-linux-x86_64 0.12-3 103.92 254.06 357.98 NOTE
r-patched-solaris-x86 0.12-3 551.10 NOTE
r-release-linux-x86_64 0.12-3 102.34 236.16 338.50 NOTE
r-release-windows-ix86+x86_64 0.12-3 178.00 424.00 602.00 NOTE
r-release-osx-x86_64 0.12-3 NOTE
r-oldrel-windows-ix86+x86_64 0.12-3 236.00 444.00 680.00 NOTE
r-oldrel-osx-x86_64 0.12-3 NOTE

Check Details

Version: 0.12-3
Check: for GNU extensions in Makefiles
Result: NOTE
    GNU make is a SystemRequirements.
Flavors: r-devel-linux-x86_64-debian-clang, r-devel-linux-x86_64-debian-gcc, r-devel-linux-x86_64-fedora-clang, r-devel-linux-x86_64-fedora-gcc, r-devel-windows-ix86+x86_64, r-patched-linux-x86_64, r-patched-solaris-x86, r-release-linux-x86_64, r-release-windows-ix86+x86_64, r-release-osx-x86_64, r-oldrel-windows-ix86+x86_64, r-oldrel-osx-x86_64

Version: 0.12-3
Check: installed package size
Result: NOTE
     installed size is 7.9Mb
     sub-directories of 1Mb or more:
     R 1.2Mb
     doc 1.6Mb
     libs 4.1Mb
Flavors: r-devel-linux-x86_64-fedora-clang, r-devel-windows-ix86+x86_64, r-release-windows-ix86+x86_64, r-release-osx-x86_64, r-oldrel-osx-x86_64