CRAN Package Check Results for Package unmarked

Last updated on 2020-09-29 04:50:02 CEST.

Flavor Version Tinstall Tcheck Ttotal Status Flags
r-devel-linux-x86_64-debian-clang 1.0.1 374.92 254.34 629.26 NOTE
r-devel-linux-x86_64-debian-gcc 1.0.1 270.37 188.23 458.60 NOTE
r-devel-linux-x86_64-fedora-clang 1.0.1 883.20 NOTE
r-devel-linux-x86_64-fedora-gcc 1.0.1 784.35 NOTE
r-devel-windows-ix86+x86_64 1.0.1 804.00 314.00 1118.00 NOTE
r-patched-linux-x86_64 1.0.1 329.30 240.45 569.75 NOTE
r-patched-solaris-x86 1.0.1 745.20 NOTE
r-release-linux-x86_64 1.0.1 282.68 243.09 525.77 NOTE
r-release-macos-x86_64 1.0.1 NOTE
r-release-windows-ix86+x86_64 1.0.1 796.00 393.00 1189.00 NOTE
r-oldrel-macos-x86_64 1.0.1 NOTE
r-oldrel-windows-ix86+x86_64 1.0.1 742.00 392.00 1134.00 NOTE

Check Details

Version: 1.0.1
Check: for GNU extensions in Makefiles
Result: NOTE
    GNU make is a SystemRequirements.
Flavors: r-devel-linux-x86_64-debian-clang, r-devel-linux-x86_64-debian-gcc, r-devel-linux-x86_64-fedora-clang, r-devel-linux-x86_64-fedora-gcc, r-devel-windows-ix86+x86_64, r-patched-linux-x86_64, r-patched-solaris-x86, r-release-linux-x86_64, r-release-macos-x86_64, r-release-windows-ix86+x86_64, r-oldrel-macos-x86_64, r-oldrel-windows-ix86+x86_64

Version: 1.0.1
Check: installed package size
Result: NOTE
     installed size is 17.5Mb
     sub-directories of 1Mb or more:
     R 1.4Mb
     doc 1.6Mb
     libs 13.3Mb
Flavors: r-devel-linux-x86_64-fedora-clang, r-devel-windows-ix86+x86_64, r-patched-solaris-x86, r-release-macos-x86_64, r-release-windows-ix86+x86_64, r-oldrel-macos-x86_64, r-oldrel-windows-ix86+x86_64