CRAN Package Check Results for Package unrepx

Last updated on 2021-08-04 02:50:21 CEST.

Flavor Version Tinstall Tcheck Ttotal Status Flags
r-devel-linux-x86_64-debian-clang 1.0 2.86 29.74 32.60 NOTE
r-devel-linux-x86_64-debian-gcc 1.0 2.06 22.68 24.74 NOTE
r-devel-linux-x86_64-fedora-clang 1.0 48.23 NOTE
r-devel-linux-x86_64-fedora-gcc 1.0 38.57 NOTE
r-devel-windows-x86_64 1.0 4.00 45.00 49.00 NOTE
r-devel-windows-x86_64-gcc10-UCRT 1.0 NOTE
r-patched-linux-x86_64 1.0 3.06 28.67 31.73 NOTE
r-patched-solaris-x86 1.0 57.90 NOTE
r-release-linux-x86_64 1.0 2.67 28.52 31.19 NOTE
r-release-macos-arm64 1.0 NOTE
r-release-macos-x86_64 1.0 NOTE
r-release-windows-ix86+x86_64 1.0 6.00 33.00 39.00 NOTE
r-oldrel-macos-x86_64 1.0 OK
r-oldrel-windows-ix86+x86_64 1.0 5.00 46.00 51.00 OK

Check Details

Version: 1.0
Check: LazyData
Result: NOTE
     'LazyData' is specified without a 'data' directory
Flavors: r-devel-linux-x86_64-debian-clang, r-devel-linux-x86_64-debian-gcc, r-devel-linux-x86_64-fedora-clang, r-devel-linux-x86_64-fedora-gcc, r-devel-windows-x86_64, r-devel-windows-x86_64-gcc10-UCRT, r-patched-linux-x86_64, r-patched-solaris-x86, r-release-linux-x86_64, r-release-macos-arm64, r-release-macos-x86_64, r-release-windows-ix86+x86_64