CRAN Package Check Results for Package unvotes

Last updated on 2022-12-04 11:54:42 CET.

Flavor Version Tinstall Tcheck Ttotal Status Flags
r-devel-linux-x86_64-debian-clang 0.3.0 5.83 44.54 50.37 OK
r-devel-linux-x86_64-debian-gcc 0.3.0 5.58 34.57 40.15 OK
r-devel-linux-x86_64-fedora-clang 0.3.0 74.41 NOTE
r-devel-linux-x86_64-fedora-gcc 0.3.0 75.69 NOTE
r-devel-windows-x86_64 0.3.0 15.00 72.00 87.00 OK
r-patched-linux-x86_64 0.3.0 5.30 41.63 46.93 OK
r-release-linux-x86_64 0.3.0 5.07 42.79 47.86 OK
r-release-macos-arm64 0.3.0 30.00 NOTE
r-release-macos-x86_64 0.3.0 35.00 NOTE
r-release-windows-x86_64 0.3.0 19.00 82.00 101.00 OK
r-oldrel-macos-arm64 0.3.0 39.00 NOTE
r-oldrel-macos-x86_64 0.3.0 54.00 NOTE
r-oldrel-windows-ix86+x86_64 0.3.0 13.00 77.00 90.00 OK

Check Details

Version: 0.3.0
Check: data for non-ASCII characters
Result: NOTE
     Note: found 7872 marked UTF-8 strings
Flavors: r-devel-linux-x86_64-fedora-clang, r-devel-linux-x86_64-fedora-gcc, r-release-macos-arm64, r-release-macos-x86_64, r-oldrel-macos-arm64, r-oldrel-macos-x86_64