CRAN Package Check Results for Package unvotes

Last updated on 2024-04-22 16:56:18 CEST.

Flavor Version Tinstall Tcheck Ttotal Status Flags
r-devel-linux-x86_64-debian-clang 0.3.0 5.88 44.65 50.53 OK
r-devel-linux-x86_64-debian-gcc 0.3.0 5.81 35.16 40.97 OK
r-devel-linux-x86_64-fedora-clang 0.3.0 71.19 NOTE
r-devel-linux-x86_64-fedora-gcc 0.3.0 76.00 NOTE
r-prerel-macos-arm64 0.3.0 30.00 OK
r-prerel-windows-x86_64 0.3.0 6.00 56.00 62.00 OK
r-patched-linux-x86_64 0.3.0 4.76 44.49 49.25 OK
r-release-linux-x86_64 0.3.0 6.45 42.29 48.74 OK
r-release-macos-arm64 0.3.0 35.00 OK
r-release-macos-x86_64 0.3.0 53.00 OK
r-release-windows-x86_64 0.3.0 7.00 60.00 67.00 OK
r-oldrel-macos-arm64 0.3.0 38.00 OK
r-oldrel-windows-x86_64 0.3.0 9.00 72.00 81.00 OK

Check Details

Version: 0.3.0
Check: data for non-ASCII characters
Result: NOTE Note: found 7872 marked UTF-8 strings Flavors: r-devel-linux-x86_64-fedora-clang, r-devel-linux-x86_64-fedora-gcc