CRAN Package Check Results for Package uptasticsearch

Last updated on 2022-09-30 01:49:28 CEST.

Flavor Version Tinstall Tcheck Ttotal Status Flags
r-devel-linux-x86_64-debian-clang 0.4.0 4.63 46.64 51.27 NOTE
r-devel-linux-x86_64-debian-gcc 0.4.0 2.91 35.14 38.05 NOTE
r-devel-linux-x86_64-fedora-clang 0.4.0 74.66 NOTE
r-devel-linux-x86_64-fedora-gcc 0.4.0 85.73 NOTE
r-devel-windows-x86_64 0.4.0 47.00 78.00 125.00 NOTE
r-patched-linux-x86_64 0.4.0 3.88 44.41 48.29 NOTE
r-release-linux-x86_64 0.4.0 4.41 44.01 48.42 NOTE
r-release-macos-arm64 0.4.0 23.00 NOTE
r-release-macos-x86_64 0.4.0 38.00 NOTE
r-release-windows-x86_64 0.4.0 64.00 82.00 146.00 NOTE
r-oldrel-macos-arm64 0.4.0 37.00 NOTE
r-oldrel-macos-x86_64 0.4.0 42.00 NOTE
r-oldrel-windows-ix86+x86_64 0.4.0 11.00 73.00 84.00 NOTE

Check Details

Version: 0.4.0
Check: LazyData
Result: NOTE
     'LazyData' is specified without a 'data' directory
Flavors: r-devel-linux-x86_64-debian-clang, r-devel-linux-x86_64-debian-gcc, r-devel-linux-x86_64-fedora-clang, r-devel-linux-x86_64-fedora-gcc, r-devel-windows-x86_64, r-patched-linux-x86_64, r-release-linux-x86_64, r-release-macos-arm64, r-release-macos-x86_64, r-release-windows-x86_64, r-oldrel-macos-arm64, r-oldrel-macos-x86_64, r-oldrel-windows-ix86+x86_64