CRAN Package Check Results for Package urlshorteneR

Last updated on 2019-11-14 21:47:18 CET.

Flavor Version Tinstall Tcheck Ttotal Status Flags
r-devel-linux-x86_64-debian-clang 1.1.2 4.24 38.14 42.38 OK
r-devel-linux-x86_64-debian-gcc 1.1.2 3.23 30.25 33.48 OK
r-devel-linux-x86_64-fedora-clang 1.1.2 54.05 OK
r-devel-linux-x86_64-fedora-gcc 1.1.2 52.48 OK
r-devel-windows-ix86+x86_64 1.1.2 16.00 61.00 77.00 OK
r-patched-linux-x86_64 1.1.2 3.93 37.21 41.14 OK
r-patched-solaris-x86 1.1.2 80.60 OK
r-release-linux-x86_64 1.1.2 3.82 37.00 40.82 OK
r-release-windows-ix86+x86_64 1.1.2 11.00 90.00 101.00 OK
r-release-osx-x86_64 1.1.2 OK
r-oldrel-windows-ix86+x86_64 0.9.2 4.00 62.00 66.00 OK
r-oldrel-osx-x86_64 1.1.2 ERROR

Check Details

Version: 1.1.2
Check: whether package can be installed
Result: ERROR
    Installation failed.
Flavor: r-oldrel-osx-x86_64