CRAN Package Check Results for Package urlshorteneR

Last updated on 2019-07-20 15:47:05 CEST.

Flavor Version Tinstall Tcheck Ttotal Status Flags
r-devel-linux-x86_64-debian-clang 1.1.1 4.06 38.80 42.86 OK
r-devel-linux-x86_64-debian-gcc 1.1.1 3.53 30.69 34.22 OK
r-devel-linux-x86_64-fedora-clang 1.1.1 50.77 OK
r-devel-linux-x86_64-fedora-gcc 1.1.1 49.56 OK
r-devel-windows-ix86+x86_64 1.1.1 9.00 94.00 103.00 OK
r-patched-linux-x86_64 1.1.1 3.28 38.06 41.34 OK
r-patched-solaris-x86 1.1.1 85.70 OK
r-release-linux-x86_64 1.1.1 3.81 38.50 42.31 OK
r-release-windows-ix86+x86_64 1.1.1 9.00 63.00 72.00 OK
r-release-osx-x86_64 1.1.1 OK
r-oldrel-windows-ix86+x86_64 0.9.2 4.00 62.00 66.00 OK
r-oldrel-osx-x86_64 1.1.1 ERROR

Check Details

Version: 1.1.1
Check: whether package can be installed
Result: ERROR
    Installation failed.
Flavor: r-oldrel-osx-x86_64