Last updated on 2023-12-02 19:54:10 CET.
Flavor | Version | Tinstall | Tcheck | Ttotal | Status | Flags |
---|---|---|---|---|---|---|
r-devel-linux-x86_64-debian-clang | 2.1-2 | 4.70 | 34.20 | 38.90 | NOTE | |
r-devel-linux-x86_64-debian-gcc | 2.1-2 | 3.51 | 26.72 | 30.23 | NOTE | |
r-devel-linux-x86_64-fedora-clang | 2.1-2 | 50.81 | OK | |||
r-devel-linux-x86_64-fedora-gcc | 2.1-2 | 58.90 | OK | |||
r-devel-windows-x86_64 | 2.1-2 | 5.00 | 58.00 | 63.00 | OK | |
r-patched-linux-x86_64 | 2.1-2 | 4.66 | 33.95 | 38.61 | OK | |
r-release-linux-x86_64 | 2.1-2 | 4.92 | 34.01 | 38.93 | OK | |
r-release-macos-arm64 | 2.1-2 | 24.00 | OK | |||
r-release-macos-x86_64 | 2.1-2 | 40.00 | OK | |||
r-release-windows-x86_64 | 2.1-2 | 5.00 | 58.00 | 63.00 | OK | |
r-oldrel-macos-arm64 | 2.1-2 | 19.00 | OK | |||
r-oldrel-macos-x86_64 | 2.1-2 | 29.00 | OK | |||
r-oldrel-windows-x86_64 | 2.1-2 | 9.00 | 69.00 | 78.00 | OK |
Version: 2.1-2
Check: Rd files
Result: NOTE
checkRd: (-1) ch-test.Rd:104: Lost braces
104 | \item{NW.order}{the value of the input argument code{NW.order}.}
| ^
checkRd: (-1) ch-test.Rd:109: Lost braces
109 | \item{type.pvalue}{character, the value of the input argument code{pvalue}.}
| ^
checkRd: (-1) hegy-test.Rd:176: Lost braces
176 | \item{type.pvalue}{a character, the value of the input argument code{pvalue}.}
| ^
Flavors: r-devel-linux-x86_64-debian-clang, r-devel-linux-x86_64-debian-gcc