CRAN Package Check Results for Package ursa

Last updated on 2022-01-22 23:52:26 CET.

Flavor Version Tinstall Tcheck Ttotal Status Flags
r-devel-linux-x86_64-debian-clang 3.9.4 9.90 460.24 470.14 OK
r-devel-linux-x86_64-debian-gcc 3.9.4 6.14 346.04 352.18 OK
r-devel-linux-x86_64-fedora-clang 3.9.4 392.39 ERROR
r-devel-linux-x86_64-fedora-gcc 3.9.4 203.13 ERROR
r-devel-windows-x86_64-new-UL 3.9.4 109.00 534.00 643.00 OK
r-devel-windows-x86_64-new-TK 3.9.4 ERROR
r-patched-linux-x86_64 3.9.4 12.36 445.26 457.62 OK
r-release-linux-x86_64 3.9.4 7.67 444.22 451.89 OK
r-release-macos-arm64 3.9.4 OK
r-release-macos-x86_64 3.9.4 OK
r-release-windows-ix86+x86_64 3.9.4 20.00 867.00 887.00 OK
r-oldrel-macos-x86_64 3.9.4 OK
r-oldrel-windows-ix86+x86_64 3.9.4 26.00 864.00 890.00 OK

Additional issues

donttest

Check Details

Version: 3.9.4
Check: examples
Result: ERROR
    Running examples in ‘ursa-Ex.R’ failed
    The error most likely occurred in:
    
    > ### Name: identify
    > ### Title: Get value and coordinates from location
    > ### Aliases: value_xy value_cr value_ll coord_xy coord_cr
    > ### Keywords: attribute
    >
    > ### ** Examples
    >
    > session_grid(NULL)
    > set.seed(352)
    > a <- as.integer(ursa_dummy(3,min=0,max=999))
    > ind <- which(ursa_value(a[1])==890)
    > print(ind)
     [1] 861 1774 3601 4515 8785 9090 9395 9700 10005 10310 10615 10920
    [13] 11225 11530 11835 14274 15798 17017 18236 19455
    > msk <- a[1]==890
    > am <- a[msk]
    > b <- as.data.frame(am)
    > b$jx <- b$x+runif(nrow(b),min=-1000,max=1000)
    > b$jy <- b$y+runif(nrow(b),min=-1000,max=1000)
    > print(b)
     x y Saturday 22 Sunday 23 Monday 24 jx jy
    861 2462500 5787500 890 775 757 2463004 5788241
    1774 2487500 5712500 890 765 759 2487084 5712153
    3601 2562500 5562500 890 735 766 2561764 5562040
    4515 2612500 5487500 890 716 771 2611784 5486727
    8785 2962500 5137500 890 586 809 2962648 5137671
    9090 2987500 5112500 890 578 811 2986633 5111705
    9395 3012500 5087500 890 570 814 3011855 5087223
    9700 3037500 5062500 890 562 817 3037627 5063391
    10005 3062500 5037500 890 556 820 3062743 5038102
    10310 3087500 5012500 890 550 823 3088220 5012647
    10615 3112500 4987500 890 544 825 3113390 4986599
    10920 3137500 4962500 890 539 828 3136692 4963043
    11225 3162500 4937500 890 534 831 3161776 4937550
    11530 3187500 4912500 890 531 833 3187044 4913276
    11835 3212500 4887500 890 528 836 3212128 4888431
    14274 3387500 4687500 890 529 853 3387673 4686995
    15798 3487500 4562500 890 549 863 3488078 4561839
    17017 3562500 4462500 890 574 870 3562367 4462186
    18236 3637500 4362500 890 602 876 3638059 4363329
    19455 3712500 4262500 890 630 881 3712785 4262895
    > cr1 <- coord_xy(a,x=b$jx,y=b$jy)
    > cr2 <- coord_xy(a,y=b$y,x=b$x)
    > cr3 <- coord_xy(a,ind=ind)
    > print(cr1)
     861 1774 3601 4515 8785 9090 9395 9700 10005 10310 10615 10920 11225 11530
    c 253 254 257 259 273 274 275 276 277 278 279 280 281 282
    r 3 6 12 15 29 30 31 32 33 34 35 36 37 38
     11835 14274 15798 17017 18236 19455
    c 283 290 294 297 300 303
    r 39 47 52 56 60 64
    > print(all.equal(cr1,cr2,cr3))
    Error in all.equal.numeric(cr1, cr2, cr3) :
     length(tolerance) == 1L is not TRUE
    Calls: print -> all.equal -> all.equal.numeric -> stopifnot
    Execution halted
Flavors: r-devel-linux-x86_64-fedora-clang, r-devel-windows-x86_64-new-TK

Version: 3.9.4
Check: examples
Result: ERROR
    Running examples in ‘ursa-Ex.R’ failed
    The error most likely occurred in:
    
    > ### Name: identify
    > ### Title: Get value and coordinates from location
    > ### Aliases: value_xy value_cr value_ll coord_xy coord_cr
    > ### Keywords: attribute
    >
    > ### ** Examples
    >
    > session_grid(NULL)
    > set.seed(352)
    > a <- as.integer(ursa_dummy(3,min=0,max=999))
    > ind <- which(ursa_value(a[1])==890)
    > print(ind)
     [1] 861 1774 3601 4515 8785 9090 9395 9700 10005 10310 10615 10920
    [13] 11225 11530 11835 14274 15798 17017 18236 19455
    > msk <- a[1]==890
    > am <- a[msk]
    > b <- as.data.frame(am)
    > b$jx <- b$x+runif(nrow(b),min=-1000,max=1000)
    > b$jy <- b$y+runif(nrow(b),min=-1000,max=1000)
    > print(b)
     x y Thursday 20 Friday 21 Saturday 22 jx jy
    861 2462500 5787500 890 775 757 2463004 5788241
    1774 2487500 5712500 890 765 759 2487084 5712153
    3601 2562500 5562500 890 735 766 2561764 5562040
    4515 2612500 5487500 890 716 771 2611784 5486727
    8785 2962500 5137500 890 586 809 2962648 5137671
    9090 2987500 5112500 890 578 811 2986633 5111705
    9395 3012500 5087500 890 570 814 3011855 5087223
    9700 3037500 5062500 890 562 817 3037627 5063391
    10005 3062500 5037500 890 556 820 3062743 5038102
    10310 3087500 5012500 890 550 823 3088220 5012647
    10615 3112500 4987500 890 544 825 3113390 4986599
    10920 3137500 4962500 890 539 828 3136692 4963043
    11225 3162500 4937500 890 534 831 3161776 4937550
    11530 3187500 4912500 890 531 833 3187044 4913276
    11835 3212500 4887500 890 528 836 3212128 4888431
    14274 3387500 4687500 890 529 853 3387673 4686995
    15798 3487500 4562500 890 549 863 3488078 4561839
    17017 3562500 4462500 890 574 870 3562367 4462186
    18236 3637500 4362500 890 602 876 3638059 4363329
    19455 3712500 4262500 890 630 881 3712785 4262895
    > cr1 <- coord_xy(a,x=b$jx,y=b$jy)
    > cr2 <- coord_xy(a,y=b$y,x=b$x)
    > cr3 <- coord_xy(a,ind=ind)
    > print(cr1)
     861 1774 3601 4515 8785 9090 9395 9700 10005 10310 10615 10920 11225 11530
    c 253 254 257 259 273 274 275 276 277 278 279 280 281 282
    r 3 6 12 15 29 30 31 32 33 34 35 36 37 38
     11835 14274 15798 17017 18236 19455
    c 283 290 294 297 300 303
    r 39 47 52 56 60 64
    > print(all.equal(cr1,cr2,cr3))
    Error in all.equal.numeric(cr1, cr2, cr3) :
     length(tolerance) == 1L is not TRUE
    Calls: print -> all.equal -> all.equal.numeric -> stopifnot
    Execution halted
Flavor: r-devel-linux-x86_64-fedora-gcc