CRAN Package Check Results for Package us.census.geoheader

Last updated on 2024-06-12 16:56:59 CEST.

Flavor Version Tinstall Tcheck Ttotal Status Flags
r-devel-linux-x86_64-debian-clang 1.0.2 1.49 25.67 27.16 NOTE
r-devel-linux-x86_64-debian-gcc 1.0.2 1.56 20.11 21.67 NOTE
r-devel-linux-x86_64-fedora-clang 1.0.2 38.82 NOTE
r-devel-linux-x86_64-fedora-gcc 1.0.2 47.34 NOTE
r-devel-windows-x86_64 1.0.2 4.00 42.00 46.00 NOTE
r-patched-linux-x86_64 1.0.2 2.30 25.03 27.33 NOTE
r-release-linux-x86_64 1.0.2 1.34 24.67 26.01 NOTE
r-release-macos-arm64 1.0.2 24.00 NOTE
r-release-macos-x86_64 1.0.2 35.00 NOTE
r-release-windows-x86_64 1.0.2 3.00 42.00 45.00 NOTE
r-oldrel-macos-arm64 1.0.2 21.00 NOTE
r-oldrel-macos-x86_64 1.0.2 29.00 NOTE
r-oldrel-windows-x86_64 1.0.2 4.00 44.00 48.00 NOTE

Check Details

Version: 1.0.2
Check: LazyData
Result: NOTE 'LazyData' is specified without a 'data' directory Flavors: r-devel-linux-x86_64-debian-clang, r-devel-linux-x86_64-debian-gcc, r-devel-linux-x86_64-fedora-clang, r-devel-linux-x86_64-fedora-gcc, r-devel-windows-x86_64, r-patched-linux-x86_64, r-release-linux-x86_64, r-release-macos-arm64, r-release-macos-x86_64, r-release-windows-x86_64, r-oldrel-macos-arm64, r-oldrel-macos-x86_64, r-oldrel-windows-x86_64