CRAN Package Check Results for Package usdarnass

Last updated on 2023-02-02 10:54:29 CET.

Flavor Version Tinstall Tcheck Ttotal Status Flags
r-devel-linux-x86_64-debian-clang 0.1.0 1.96 27.77 29.73 NOTE
r-devel-linux-x86_64-debian-gcc 0.1.0 1.69 21.87 23.56 NOTE
r-devel-linux-x86_64-fedora-clang 0.1.0 39.02 NOTE
r-devel-linux-x86_64-fedora-gcc 0.1.0 50.06 NOTE
r-patched-linux-x86_64 0.1.0 1.75 27.17 28.92 NOTE
r-release-linux-x86_64 0.1.0 1.68 26.69 28.37 NOTE
r-release-macos-arm64 0.1.0 17.00 NOTE
r-release-macos-x86_64 0.1.0 27.00 NOTE
r-release-windows-x86_64 0.1.0 10.00 62.00 72.00 NOTE
r-oldrel-macos-arm64 0.1.0 19.00 NOTE
r-oldrel-macos-x86_64 0.1.0 30.00 NOTE
r-oldrel-windows-ix86+x86_64 0.1.0 7.00 53.00 60.00 NOTE

Check Details

Version: 0.1.0
Check: LazyData
Result: NOTE
     'LazyData' is specified without a 'data' directory
Flavors: r-devel-linux-x86_64-debian-clang, r-devel-linux-x86_64-debian-gcc, r-devel-linux-x86_64-fedora-clang, r-devel-linux-x86_64-fedora-gcc, r-patched-linux-x86_64, r-release-linux-x86_64, r-release-macos-arm64, r-release-macos-x86_64, r-release-windows-x86_64, r-oldrel-macos-arm64, r-oldrel-macos-x86_64, r-oldrel-windows-ix86+x86_64