CRAN Package Check Results for Package usfertilizer

Last updated on 2020-07-03 21:49:10 CEST.

Flavor Version Tinstall Tcheck Ttotal Status Flags
r-devel-linux-x86_64-debian-clang 0.1.5 2.26 45.68 47.94 OK
r-devel-linux-x86_64-debian-gcc 0.1.5 1.89 37.47 39.36 OK
r-devel-linux-x86_64-fedora-clang 0.1.5 66.34 NOTE
r-devel-linux-x86_64-fedora-gcc 0.1.5 60.66 NOTE
r-devel-windows-ix86+x86_64 0.1.5 12.00 56.00 68.00 OK
r-patched-linux-x86_64 0.1.5 2.29 45.36 47.65 OK
r-patched-solaris-x86 0.1.5 100.10 NOTE
r-release-linux-x86_64 0.1.5 2.35 45.31 47.66 OK
r-release-osx-x86_64 0.1.5 NOTE
r-release-windows-ix86+x86_64 0.1.5 11.00 54.00 65.00 OK
r-oldrel-osx-x86_64 0.1.5 NOTE
r-oldrel-windows-ix86+x86_64 0.1.5 7.00 84.00 91.00 OK

Check Details

Version: 0.1.5
Check: dependencies in R code
Result: NOTE
    Namespace in Imports field not imported from: ‘tidyverse’
     All declared Imports should be used.
Flavors: r-devel-linux-x86_64-fedora-clang, r-devel-linux-x86_64-fedora-gcc, r-patched-solaris-x86, r-release-osx-x86_64, r-oldrel-osx-x86_64