CRAN Package Check Results for Package usfertilizer

Last updated on 2019-12-16 10:48:30 CET.

Flavor Version Tinstall Tcheck Ttotal Status Flags
r-devel-linux-x86_64-debian-clang 0.1.5 2.27 45.67 47.94 OK
r-devel-linux-x86_64-debian-gcc 0.1.5 1.72 37.31 39.03 OK
r-devel-linux-x86_64-fedora-clang 0.1.5 60.92 NOTE
r-devel-linux-x86_64-fedora-gcc 0.1.5 59.16 NOTE
r-devel-windows-ix86+x86_64 0.1.5 11.00 83.00 94.00 OK
r-devel-windows-ix86+x86_64-gcc8 0.1.5 10.00 80.00 90.00 OK
r-patched-linux-x86_64 0.1.5 1.84 43.80 45.64 OK
r-patched-solaris-x86 0.1.5 95.40 NOTE
r-release-linux-x86_64 0.1.5 1.79 43.55 45.34 OK
r-release-windows-ix86+x86_64 0.1.5 7.00 61.00 68.00 OK
r-release-osx-x86_64 0.1.5 NOTE
r-oldrel-windows-ix86+x86_64 0.1.5 3.00 72.00 75.00 OK
r-oldrel-osx-x86_64 0.1.5 NOTE

Check Details

Version: 0.1.5
Check: dependencies in R code
Result: NOTE
    Namespace in Imports field not imported from: ‘tidyverse’
     All declared Imports should be used.
Flavors: r-devel-linux-x86_64-fedora-clang, r-devel-linux-x86_64-fedora-gcc, r-patched-solaris-x86, r-release-osx-x86_64, r-oldrel-osx-x86_64