CRAN Package Check Results for Package ushr

Last updated on 2020-04-08 10:47:33 CEST.

Flavor Version Tinstall Tcheck Ttotal Status Flags
r-devel-linux-x86_64-debian-clang 0.2.2 6.74 79.24 85.98 ERROR
r-devel-linux-x86_64-debian-gcc 0.2.2 5.96 58.97 64.93 ERROR
r-devel-linux-x86_64-fedora-clang 0.2.2 99.15 ERROR
r-devel-linux-x86_64-fedora-gcc 0.2.2 97.04 ERROR
r-devel-windows-ix86+x86_64 0.2.2 18.00 144.00 162.00 ERROR
r-devel-windows-ix86+x86_64-gcc8 0.2.2 17.00 84.00 101.00 OK
r-patched-linux-x86_64 0.2.2 6.99 74.93 81.92 ERROR
r-patched-solaris-x86 0.2.2 135.00 ERROR
r-release-linux-x86_64 0.2.2 6.09 73.15 79.24 ERROR
r-release-windows-ix86+x86_64 0.2.2 36.00 126.00 162.00 ERROR
r-release-osx-x86_64 0.2.2 OK
r-oldrel-windows-ix86+x86_64 0.2.2 16.00 98.00 114.00 ERROR
r-oldrel-osx-x86_64 0.2.2 OK

Check Details

Version: 0.2.2
Check: examples
Result: ERROR
    Running examples in 'ushr-Ex.R' failed
    The error most likely occurred in:
    
    > base::assign(".ptime", proc.time(), pos = "CheckExEnv")
    > ### Name: summarize_model
    > ### Title: Summarize model output
    > ### Aliases: summarize_model
    >
    > ### ** Examples
    >
    >
    > set.seed(1234567)
    >
    > simulated_data <- simulate_data(nsubjects = 20)
    Joining, by = "id"
    >
    > model_output <- ushr(data = simulated_data)
    Warning in sqrt(diag(fisher_info)) : NaNs produced
    Warning in sqrt(diag(fisher_info)) : NaNs produced
    Warning in sqrt(diag(fisher_info)) : NaNs produced
    Warning in sqrt(diag(fisher_info)) : NaNs produced
    >
    > summarize_model(model_output, data = simulated_data)
    Joining, by = c("id", "Model")
    Joining, by = "id"
    Error: Assigned data `values` must be compatible with existing data.
    i Error occurred for column `ShortLifespan`.
    x No common type for `value` <character> and `x` <double>.
    Backtrace:
     x
     1. \-ushr::summarize_model(model_output, data = simulated_data)
     2. \-`%>%`(...)
     3. +-base::withVisible(eval(quote(`_fseq`(`_lhs`)), env, env))
     4. \-base::eval(quote(`_fseq`(`_lhs`)), env, env)
     5. \-base::eval(quote(`_fseq`(`_lhs`)), env, env)
     6. \-ushr:::`_fseq`(`_lhs`)
     7. \-magrittr::freduce(value, `_function_list`)
     8. +-base::withVisible(function_list[[k]](value))
     9. \-function_list[[k]](value)
     10. \-base::replace(., is.na(.), "")
     11. +-base::`[<-`(`*tmp*`, list, value = "")
     12. \-tibble:::`[<-.tbl_df`(`*tmp*`, list, value = "")
     13. \-tibble:::tbl_subassign_matrix(x, j, value, j_arg, substitute(value))
     14. \-base::tryCatch(...)
     15.
    Execution halted
Flavor: r-devel-linux-x86_64-debian-clang

Version: 0.2.2
Check: examples
Result: ERROR
    Running examples in ‘ushr-Ex.R’ failed
    The error most likely occurred in:
    
    > base::assign(".ptime", proc.time(), pos = "CheckExEnv")
    > ### Name: summarize_model
    > ### Title: Summarize model output
    > ### Aliases: summarize_model
    >
    > ### ** Examples
    >
    >
    > set.seed(1234567)
    >
    > simulated_data <- simulate_data(nsubjects = 20)
    Joining, by = "id"
    >
    > model_output <- ushr(data = simulated_data)
    Warning in sqrt(diag(fisher_info)) : NaNs produced
    Warning in sqrt(diag(fisher_info)) : NaNs produced
    Warning in sqrt(diag(fisher_info)) : NaNs produced
    Warning in sqrt(diag(fisher_info)) : NaNs produced
    >
    > summarize_model(model_output, data = simulated_data)
    Joining, by = c("id", "Model")
    Joining, by = "id"
    Error: Assigned data `values` must be compatible with existing data.
    ℹ Error occurred for column `ShortLifespan`.
    ✖ No common type for `value` <character> and `x` <double>.
    Backtrace:
     █
     1. └─ushr::summarize_model(model_output, data = simulated_data)
     2. └─`%>%`(...)
     3. ├─base::withVisible(eval(quote(`_fseq`(`_lhs`)), env, env))
     4. └─base::eval(quote(`_fseq`(`_lhs`)), env, env)
     5. └─base::eval(quote(`_fseq`(`_lhs`)), env, env)
     6. └─ushr:::`_fseq`(`_lhs`)
     7. └─magrittr::freduce(value, `_function_list`)
     8. ├─base::withVisible(function_list[[k]](value))
     9. └─function_list[[k]](value)
     10. └─base::replace(., is.na(.), "")
     11. ├─base::`[<-`(`*tmp*`, list, value = "")
     12. └─tibble:::`[<-.tbl_df`(`*tmp*`, list, value = "")
     13. └─tibble:::tbl_subassign_matrix(x, j, value, j_arg, substitute(va
    Execution halted
Flavors: r-devel-linux-x86_64-debian-gcc, r-patched-linux-x86_64

Version: 0.2.2
Check: examples
Result: ERROR
    Running examples in ‘ushr-Ex.R’ failed
    The error most likely occurred in:
    
    > ### Name: summarize_model
    > ### Title: Summarize model output
    > ### Aliases: summarize_model
    >
    > ### ** Examples
    >
    >
    > set.seed(1234567)
    >
    > simulated_data <- simulate_data(nsubjects = 20)
    Joining, by = "id"
    >
    > model_output <- ushr(data = simulated_data)
    Warning in sqrt(diag(fisher_info)) : NaNs produced
    Warning in sqrt(diag(fisher_info)) : NaNs produced
    Warning in sqrt(diag(fisher_info)) : NaNs produced
    Warning in sqrt(diag(fisher_info)) : NaNs produced
    >
    > summarize_model(model_output, data = simulated_data)
    Joining, by = c("id", "Model")
    Joining, by = "id"
    Error: Assigned data `values` must be compatible with existing data.
    ℹ Error occurred for column `ShortLifespan`.
    ✖ No common type for `value` <character> and `x` <double>.
    Backtrace:
     █
     1. └─ushr::summarize_model(model_output, data = simulated_data)
     2. └─`%>%`(...)
     3. ├─base::withVisible(eval(quote(`_fseq`(`_lhs`)), env, env))
     4. └─base::eval(quote(`_fseq`(`_lhs`)), env, env)
     5. └─base::eval(quote(`_fseq`(`_lhs`)), env, env)
     6. └─ushr:::`_fseq`(`_lhs`)
     7. └─magrittr::freduce(value, `_function_list`)
     8. ├─base::withVisible(function_list[[k]](value))
     9. └─function_list[[k]](value)
     10. └─base::replace(., is.na(.), "")
     11. ├─base::`[<-`(`*tmp*`, list, value = "")
     12. └─tibble:::`[<-.tbl_df`(`*tmp*`, list, value = "")
     13. └─tibble:::tbl_subassign_matrix(x, j, value, j_arg, substitute(va
    Execution halted
Flavors: r-devel-linux-x86_64-fedora-clang, r-devel-linux-x86_64-fedora-gcc, r-patched-solaris-x86

Version: 0.2.2
Check: examples
Result: ERROR
    Running examples in 'ushr-Ex.R' failed
    The error most likely occurred in:
    
    > ### Name: summarize_model
    > ### Title: Summarize model output
    > ### Aliases: summarize_model
    >
    > ### ** Examples
    >
    >
    > set.seed(1234567)
    >
    > simulated_data <- simulate_data(nsubjects = 20)
    Joining, by = "id"
    >
    > model_output <- ushr(data = simulated_data)
    Warning in sqrt(diag(fisher_info)) : NaNs produced
    Warning in sqrt(diag(fisher_info)) : NaNs produced
    Warning in sqrt(diag(fisher_info)) : NaNs produced
    Warning in sqrt(diag(fisher_info)) : NaNs produced
    >
    > summarize_model(model_output, data = simulated_data)
    Joining, by = c("id", "Model")
    Joining, by = "id"
    Error: Assigned data `values` must be compatible with existing data.
    i Error occurred for column `ShortLifespan`.
    x No common type for `value` <character> and `x` <double>.
    Backtrace:
     x
     1. \-ushr::summarize_model(model_output, data = simulated_data)
     2. \-`%>%`(...)
     3. +-base::withVisible(eval(quote(`_fseq`(`_lhs`)), env, env))
     4. \-base::eval(quote(`_fseq`(`_lhs`)), env, env)
     5. \-base::eval(quote(`_fseq`(`_lhs`)), env, env)
     6. \-ushr:::`_fseq`(`_lhs`)
     7. \-magrittr::freduce(value, `_function_list`)
     8. +-base::withVisible(function_list[[k]](value))
     9. \-function_list[[k]](value)
     10. \-base::replace(., is.na(.), "")
     11. +-base::`[<-`(`*tmp*`, list, value = "")
     12. \-tibble:::`[<-.tbl_df`(`*tmp*`, list, value = "")
     13. \-tibble:::tbl_subassign_matrix(x, j, value, j_arg, substitute(value))
     14. \-base::tryCatch(...)
     15.
    Execution halted
Flavor: r-devel-windows-ix86+x86_64

Version: 0.2.2
Check: examples
Result: ERROR
    Running examples in ‘ushr-Ex.R’ failed
    The error most likely occurred in:
    
    > base::assign(".ptime", proc.time(), pos = "CheckExEnv")
    > ### Name: summarize_model
    > ### Title: Summarize model output
    > ### Aliases: summarize_model
    >
    > ### ** Examples
    >
    >
    > set.seed(1234567)
    >
    > simulated_data <- simulate_data(nsubjects = 20)
    Joining, by = "id"
    >
    > model_output <- ushr(data = simulated_data)
    Warning in sqrt(diag(fisher_info)) : NaNs produced
    Warning in sqrt(diag(fisher_info)) : NaNs produced
    Warning in sqrt(diag(fisher_info)) : NaNs produced
    Warning in sqrt(diag(fisher_info)) : NaNs produced
    Warning in bind_rows_(x, .id) :
     Unequal factor levels: coercing to character
    Warning in bind_rows_(x, .id) :
     binding character and factor vector, coercing into character vector
    Warning in bind_rows_(x, .id) :
     binding character and factor vector, coercing into character vector
    Warning in bind_rows_(x, .id) :
     binding character and factor vector, coercing into character vector
    Warning in bind_rows_(x, .id) :
     binding character and factor vector, coercing into character vector
    Warning in bind_rows_(x, .id) :
     Unequal factor levels: coercing to character
    Warning in bind_rows_(x, .id) :
     binding character and factor vector, coercing into character vector
    Warning in bind_rows_(x, .id) :
     binding character and factor vector, coercing into character vector
    Warning in bind_rows_(x, .id) :
     binding character and factor vector, coercing into character vector
    Warning in bind_rows_(x, .id) :
     binding character and factor vector, coercing into character vector
    Warning in bind_rows_(x, .id) :
     binding character and factor vector, coercing into character vector
    Warning in bind_rows_(x, .id) :
     binding character and factor vector, coercing into character vector
    Warning in bind_rows_(x, .id) :
     binding character and factor vector, coercing into character vector
    Warning in bind_rows_(x, .id) :
     binding character and factor vector, coercing into character vector
    Warning in bind_rows_(x, .id) :
     binding character and factor vector, coercing into character vector
    Warning in bind_rows_(x, .id) :
     binding character and factor vector, coercing into character vector
    Warning in bind_rows_(x, .id) :
     binding character and factor vector, coercing into character vector
    Warning in bind_rows_(x, .id) :
     binding character and factor vector, coercing into character vector
    Warning in bind_rows_(x, .id) :
     binding character and factor vector, coercing into character vector
    Warning in bind_rows_(x, .id) :
     binding character and factor vector, coercing into character vector
    Warning in bind_rows_(x, .id) :
     binding character and factor vector, coercing into character vector
    Warning in bind_rows_(x, .id) :
     Unequal factor levels: coercing to character
    Warning in bind_rows_(x, .id) :
     binding character and factor vector, coercing into character vector
    Warning in bind_rows_(x, .id) :
     binding character and factor vector, coercing into character vector
    Warning in bind_rows_(x, .id) :
     binding character and factor vector, coercing into character vector
    Warning in bind_rows_(x, .id) :
     binding character and factor vector, coercing into character vector
    Warning in bind_rows_(x, .id) :
     binding character and factor vector, coercing into character vector
    Warning in bind_rows_(x, .id) :
     binding character and factor vector, coercing into character vector
    Warning in bind_rows_(x, .id) :
     binding character and factor vector, coercing into character vector
    Warning in bind_rows_(x, .id) :
     binding character and factor vector, coercing into character vector
    Warning in bind_rows_(x, .id) :
     binding character and factor vector, coercing into character vector
    Warning in bind_rows_(x, .id) :
     binding character and factor vector, coercing into character vector
    Warning in bind_rows_(x, .id) :
     binding character and factor vector, coercing into character vector
    Warning in bind_rows_(x, .id) :
     Unequal factor levels: coercing to character
    Warning in bind_rows_(x, .id) :
     binding character and factor vector, coercing into character vector
    Warning in bind_rows_(x, .id) :
     binding character and factor vector, coercing into character vector
    Warning in bind_rows_(x, .id) :
     binding character and factor vector, coercing into character vector
    Warning in bind_rows_(x, .id) :
     binding character and factor vector, coercing into character vector
    Warning in bind_rows_(x, .id) :
     binding character and factor vector, coercing into character vector
    Warning in bind_rows_(x, .id) :
     binding character and factor vector, coercing into character vector
    Warning in bind_rows_(x, .id) :
     binding character and factor vector, coercing into character vector
    Warning in bind_rows_(x, .id) :
     binding character and factor vector, coercing into character vector
    Warning in bind_rows_(x, .id) :
     binding character and factor vector, coercing into character vector
    Warning in bind_rows_(x, .id) :
     binding character and factor vector, coercing into character vector
    Warning in bind_rows_(x, .id) :
     binding character and factor vector, coercing into character vector
    Warning in bind_rows_(x, .id) :
     binding character and factor vector, coercing into character vector
    Warning in bind_rows_(x, .id) :
     Unequal factor levels: coercing to character
    Warning in bind_rows_(x, .id) :
     binding character and factor vector, coercing into character vector
    Warning in bind_rows_(x, .id) :
     binding character and factor vector, coercing into character vector
    Warning in bind_rows_(x, .id) :
     binding character and factor vector, coercing into character vector
    Warning in bind_rows_(x, .id) :
     binding character and factor vector, coercing into character vector
    Warning in bind_rows_(x, .id) :
     binding character and factor vector, coercing into character vector
    Warning in bind_rows_(x, .id) :
     binding character and factor vector, coercing into character vector
    Warning in bind_rows_(x, .id) :
     binding character and factor vector, coercing into character vector
    Warning in bind_rows_(x, .id) :
     binding character and factor vector, coercing into character vector
    Warning in bind_rows_(x, .id) :
     binding character and factor vector, coercing into character vector
    Warning in bind_rows_(x, .id) :
     binding character and factor vector, coercing into character vector
    Warning in bind_rows_(x, .id) :
     binding character and factor vector, coercing into character vector
    Warning in bind_rows_(x, .id) :
     binding character and factor vector, coercing into character vector
    >
    > summarize_model(model_output, data = simulated_data)
    Joining, by = c("id", "Model")
    Joining, by = "id"
    Error: Assigned data `values` must be compatible with existing data.
    ℹ Error occurred for column `ShortLifespan`.
    ✖ No common type for `value` <character> and `x` <double>.
    Backtrace:
     █
     1. └─ushr::summarize_model(model_output, data = simulated_data)
     2. └─`%>%`(...)
     3. ├─base::withVisible(eval(quote(`_fseq`(`_lhs`)), env, env))
     4. └─base::eval(quote(`_fseq`(`_lhs`)), env, env)
     5. └─base::eval(quote(`_fseq`(`_lhs`)), env, env)
     6. └─ushr:::`_fseq`(`_lhs`)
     7. └─magrittr::freduce(value, `_function_list`)
     8. ├─base::withVisible(function_list[[k]](value))
     9. └─function_list[[k]](value)
     10. └─base::replace(., is.na(.), "")
     11. ├─base::`[<-`(`*tmp*`, list, value = "")
     12. └─tibble:::`[<-.tbl_df`(`*tmp*`, list, value = "")
     13. └─tibble:::tbl_subassign_matrix(x, j, value, j_arg, substitute(va
    Execution halted
Flavor: r-release-linux-x86_64

Version: 0.2.2
Check: examples
Result: ERROR
    Running examples in 'ushr-Ex.R' failed
    The error most likely occurred in:
    
    > ### Name: summarize_model
    > ### Title: Summarize model output
    > ### Aliases: summarize_model
    >
    > ### ** Examples
    >
    >
    > set.seed(1234567)
    >
    > simulated_data <- simulate_data(nsubjects = 20)
    Joining, by = "id"
    >
    > model_output <- ushr(data = simulated_data)
    Warning in sqrt(diag(fisher_info)) : NaNs produced
    Warning in sqrt(diag(fisher_info)) : NaNs produced
    Warning in sqrt(diag(fisher_info)) : NaNs produced
    Warning in sqrt(diag(fisher_info)) : NaNs produced
    Warning in bind_rows_(x, .id) :
     Unequal factor levels: coercing to character
    Warning in bind_rows_(x, .id) :
     binding character and factor vector, coercing into character vector
    Warning in bind_rows_(x, .id) :
     binding character and factor vector, coercing into character vector
    Warning in bind_rows_(x, .id) :
     binding character and factor vector, coercing into character vector
    Warning in bind_rows_(x, .id) :
     binding character and factor vector, coercing into character vector
    Warning in bind_rows_(x, .id) :
     Unequal factor levels: coercing to character
    Warning in bind_rows_(x, .id) :
     binding character and factor vector, coercing into character vector
    Warning in bind_rows_(x, .id) :
     binding character and factor vector, coercing into character vector
    Warning in bind_rows_(x, .id) :
     binding character and factor vector, coercing into character vector
    Warning in bind_rows_(x, .id) :
     binding character and factor vector, coercing into character vector
    Warning in bind_rows_(x, .id) :
     binding character and factor vector, coercing into character vector
    Warning in bind_rows_(x, .id) :
     binding character and factor vector, coercing into character vector
    Warning in bind_rows_(x, .id) :
     binding character and factor vector, coercing into character vector
    Warning in bind_rows_(x, .id) :
     binding character and factor vector, coercing into character vector
    Warning in bind_rows_(x, .id) :
     binding character and factor vector, coercing into character vector
    Warning in bind_rows_(x, .id) :
     binding character and factor vector, coercing into character vector
    Warning in bind_rows_(x, .id) :
     binding character and factor vector, coercing into character vector
    Warning in bind_rows_(x, .id) :
     binding character and factor vector, coercing into character vector
    Warning in bind_rows_(x, .id) :
     binding character and factor vector, coercing into character vector
    Warning in bind_rows_(x, .id) :
     binding character and factor vector, coercing into character vector
    Warning in bind_rows_(x, .id) :
     binding character and factor vector, coercing into character vector
    Warning in bind_rows_(x, .id) :
     Unequal factor levels: coercing to character
    Warning in bind_rows_(x, .id) :
     binding character and factor vector, coercing into character vector
    Warning in bind_rows_(x, .id) :
     binding character and factor vector, coercing into character vector
    Warning in bind_rows_(x, .id) :
     binding character and factor vector, coercing into character vector
    Warning in bind_rows_(x, .id) :
     binding character and factor vector, coercing into character vector
    Warning in bind_rows_(x, .id) :
     binding character and factor vector, coercing into character vector
    Warning in bind_rows_(x, .id) :
     binding character and factor vector, coercing into character vector
    Warning in bind_rows_(x, .id) :
     binding character and factor vector, coercing into character vector
    Warning in bind_rows_(x, .id) :
     binding character and factor vector, coercing into character vector
    Warning in bind_rows_(x, .id) :
     binding character and factor vector, coercing into character vector
    Warning in bind_rows_(x, .id) :
     binding character and factor vector, coercing into character vector
    Warning in bind_rows_(x, .id) :
     binding character and factor vector, coercing into character vector
    Warning in bind_rows_(x, .id) :
     Unequal factor levels: coercing to character
    Warning in bind_rows_(x, .id) :
     binding character and factor vector, coercing into character vector
    Warning in bind_rows_(x, .id) :
     binding character and factor vector, coercing into character vector
    Warning in bind_rows_(x, .id) :
     binding character and factor vector, coercing into character vector
    Warning in bind_rows_(x, .id) :
     binding character and factor vector, coercing into character vector
    Warning in bind_rows_(x, .id) :
     binding character and factor vector, coercing into character vector
    Warning in bind_rows_(x, .id) :
     binding character and factor vector, coercing into character vector
    Warning in bind_rows_(x, .id) :
     binding character and factor vector, coercing into character vector
    Warning in bind_rows_(x, .id) :
     binding character and factor vector, coercing into character vector
    Warning in bind_rows_(x, .id) :
     binding character and factor vector, coercing into character vector
    Warning in bind_rows_(x, .id) :
     binding character and factor vector, coercing into character vector
    Warning in bind_rows_(x, .id) :
     binding character and factor vector, coercing into character vector
    Warning in bind_rows_(x, .id) :
     binding character and factor vector, coercing into character vector
    Warning in bind_rows_(x, .id) :
     Unequal factor levels: coercing to character
    Warning in bind_rows_(x, .id) :
     binding character and factor vector, coercing into character vector
    Warning in bind_rows_(x, .id) :
     binding character and factor vector, coercing into character vector
    Warning in bind_rows_(x, .id) :
     binding character and factor vector, coercing into character vector
    Warning in bind_rows_(x, .id) :
     binding character and factor vector, coercing into character vector
    Warning in bind_rows_(x, .id) :
     binding character and factor vector, coercing into character vector
    Warning in bind_rows_(x, .id) :
     binding character and factor vector, coercing into character vector
    Warning in bind_rows_(x, .id) :
     binding character and factor vector, coercing into character vector
    Warning in bind_rows_(x, .id) :
     binding character and factor vector, coercing into character vector
    Warning in bind_rows_(x, .id) :
     binding character and factor vector, coercing into character vector
    Warning in bind_rows_(x, .id) :
     binding character and factor vector, coercing into character vector
    Warning in bind_rows_(x, .id) :
     binding character and factor vector, coercing into character vector
    Warning in bind_rows_(x, .id) :
     binding character and factor vector, coercing into character vector
    >
    > summarize_model(model_output, data = simulated_data)
    Joining, by = c("id", "Model")
    Joining, by = "id"
    Error: Assigned data `values` must be compatible with existing data.
    i Error occurred for column `ShortLifespan`.
    x No common type for `value` <character> and `x` <double>.
    Backtrace:
     x
     1. \-ushr::summarize_model(model_output, data = simulated_data)
     2. \-`%>%`(...)
     3. +-base::withVisible(eval(quote(`_fseq`(`_lhs`)), env, env))
     4. \-base::eval(quote(`_fseq`(`_lhs`)), env, env)
     5. \-base::eval(quote(`_fseq`(`_lhs`)), env, env)
     6. \-ushr:::`_fseq`(`_lhs`)
     7. \-magrittr::freduce(value, `_function_list`)
     8. +-base::withVisible(function_list[[k]](value))
     9. \-function_list[[k]](value)
     10. \-base::replace(., is.na(.), "")
     11. +-base::`[<-`(`*tmp*`, list, value = "")
     12. \-tibble:::`[<-.tbl_df`(`*tmp*`, list, value = "")
     13. \-tibble:::tbl_subassign_matrix(x, j, value, j_arg, substitute(value))
     14. \-base::tryCatch(...)
     15.
    Execution halted
Flavor: r-release-windows-ix86+x86_64

Version: 0.2.2
Check: examples
Result: ERROR
    Running examples in 'ushr-Ex.R' failed
    The error most likely occurred in:
    
    > ### Name: summarize_model
    > ### Title: Summarize model output
    > ### Aliases: summarize_model
    >
    > ### ** Examples
    >
    >
    > set.seed(1234567)
    >
    > simulated_data <- simulate_data(nsubjects = 20)
    Joining, by = "id"
    >
    > model_output <- ushr(data = simulated_data)
    Warning in sqrt(diag(fisher_info)) : NaNs produced
    Warning in sqrt(diag(fisher_info)) : NaNs produced
    Warning in sqrt(diag(fisher_info)) : NaNs produced
    Warning in bind_rows_(x, .id) :
     Unequal factor levels: coercing to character
    Warning in bind_rows_(x, .id) :
     binding character and factor vector, coercing into character vector
    Warning in bind_rows_(x, .id) :
     binding character and factor vector, coercing into character vector
    Warning in bind_rows_(x, .id) :
     binding character and factor vector, coercing into character vector
    Warning in bind_rows_(x, .id) :
     Unequal factor levels: coercing to character
    Warning in bind_rows_(x, .id) :
     binding character and factor vector, coercing into character vector
    Warning in bind_rows_(x, .id) :
     binding character and factor vector, coercing into character vector
    Warning in bind_rows_(x, .id) :
     binding character and factor vector, coercing into character vector
    Warning in bind_rows_(x, .id) :
     binding character and factor vector, coercing into character vector
    Warning in bind_rows_(x, .id) :
     binding character and factor vector, coercing into character vector
    Warning in bind_rows_(x, .id) :
     binding character and factor vector, coercing into character vector
    Warning in bind_rows_(x, .id) :
     binding character and factor vector, coercing into character vector
    Warning in bind_rows_(x, .id) :
     binding character and factor vector, coercing into character vector
    Warning in bind_rows_(x, .id) :
     binding character and factor vector, coercing into character vector
    Warning in bind_rows_(x, .id) :
     binding character and factor vector, coercing into character vector
    Warning in bind_rows_(x, .id) :
     binding character and factor vector, coercing into character vector
    Warning in bind_rows_(x, .id) :
     binding character and factor vector, coercing into character vector
    Warning in bind_rows_(x, .id) :
     binding character and factor vector, coercing into character vector
    Warning in bind_rows_(x, .id) :
     binding character and factor vector, coercing into character vector
    Warning in bind_rows_(x, .id) :
     binding character and factor vector, coercing into character vector
    Warning in bind_rows_(x, .id) :
     Unequal factor levels: coercing to character
    Warning in bind_rows_(x, .id) :
     binding character and factor vector, coercing into character vector
    Warning in bind_rows_(x, .id) :
     binding character and factor vector, coercing into character vector
    Warning in bind_rows_(x, .id) :
     binding character and factor vector, coercing into character vector
    Warning in bind_rows_(x, .id) :
     binding character and factor vector, coercing into character vector
    Warning in bind_rows_(x, .id) :
     binding character and factor vector, coercing into character vector
    Warning in bind_rows_(x, .id) :
     binding character and factor vector, coercing into character vector
    Warning in bind_rows_(x, .id) :
     binding character and factor vector, coercing into character vector
    Warning in bind_rows_(x, .id) :
     binding character and factor vector, coercing into character vector
    Warning in bind_rows_(x, .id) :
     binding character and factor vector, coercing into character vector
    Warning in bind_rows_(x, .id) :
     binding character and factor vector, coercing into character vector
    Warning in bind_rows_(x, .id) :
     binding character and factor vector, coercing into character vector
    Warning in bind_rows_(x, .id) :
     binding character and factor vector, coercing into character vector
    Warning in bind_rows_(x, .id) :
     Unequal factor levels: coercing to character
    Warning in bind_rows_(x, .id) :
     binding character and factor vector, coercing into character vector
    Warning in bind_rows_(x, .id) :
     binding character and factor vector, coercing into character vector
    Warning in bind_rows_(x, .id) :
     binding character and factor vector, coercing into character vector
    Warning in bind_rows_(x, .id) :
     binding character and factor vector, coercing into character vector
    Warning in bind_rows_(x, .id) :
     binding character and factor vector, coercing into character vector
    Warning in bind_rows_(x, .id) :
     binding character and factor vector, coercing into character vector
    Warning in bind_rows_(x, .id) :
     binding character and factor vector, coercing into character vector
    Warning in bind_rows_(x, .id) :
     binding character and factor vector, coercing into character vector
    Warning in bind_rows_(x, .id) :
     binding character and factor vector, coercing into character vector
    Warning in bind_rows_(x, .id) :
     Unequal factor levels: coercing to character
    Warning in bind_rows_(x, .id) :
     binding character and factor vector, coercing into character vector
    Warning in bind_rows_(x, .id) :
     binding character and factor vector, coercing into character vector
    Warning in bind_rows_(x, .id) :
     binding character and factor vector, coercing into character vector
    Warning in bind_rows_(x, .id) :
     binding character and factor vector, coercing into character vector
    Warning in bind_rows_(x, .id) :
     binding character and factor vector, coercing into character vector
    Warning in bind_rows_(x, .id) :
     binding character and factor vector, coercing into character vector
    Warning in bind_rows_(x, .id) :
     binding character and factor vector, coercing into character vector
    Warning in bind_rows_(x, .id) :
     binding character and factor vector, coercing into character vector
    Warning in bind_rows_(x, .id) :
     binding character and factor vector, coercing into character vector
    >
    > summarize_model(model_output, data = simulated_data)
    Joining, by = c("id", "Model")
    Joining, by = "id"
    Error: Assigned data `values` must be compatible with existing data.
    i Error occurred for column `ShortLifespan`.
    x No common type for `value` <character> and `x` <double>.
    Backtrace:
     x
     1. \-ushr::summarize_model(model_output, data = simulated_data)
     2. \-`%>%`(...)
     3. +-base::withVisible(eval(quote(`_fseq`(`_lhs`)), env, env))
     4. \-base::eval(quote(`_fseq`(`_lhs`)), env, env)
     5. \-base::eval(quote(`_fseq`(`_lhs`)), env, env)
     6. \-ushr:::`_fseq`(`_lhs`)
     7. \-magrittr::freduce(value, `_function_list`)
     8. +-base::withVisible(function_list[[k]](value))
     9. \-function_list[[k]](value)
     10. \-base::replace(., is.na(.), "")
     11. +-base::`[<-`(`*tmp*`, list, value = "")
     12. \-tibble:::`[<-.tbl_df`(`*tmp*`, list, value = "")
     13. \-tibble:::tbl_subassign_matrix(x, j, value, j_arg, substitute(value))
     14. \-base::tryCatch(...)
     15.
    Execution halted
Flavor: r-oldrel-windows-ix86+x86_64