CRAN Package Check Results for Package usmap

Last updated on 2020-10-25 16:49:53 CET.

Flavor Version Tinstall Tcheck Ttotal Status Flags
r-devel-linux-x86_64-debian-clang 0.5.1 3.50 68.34 71.84 OK
r-devel-linux-x86_64-debian-gcc 0.5.1 2.63 50.93 53.56 OK
r-devel-linux-x86_64-fedora-clang 0.5.1 94.86 NOTE
r-devel-linux-x86_64-fedora-gcc 0.5.1 83.86 NOTE
r-devel-windows-ix86+x86_64 0.5.1 8.00 92.00 100.00 NOTE
r-patched-linux-x86_64 0.5.1 3.57 63.49 67.06 OK
r-patched-solaris-x86 0.5.1 132.00 NOTE
r-release-linux-x86_64 0.5.1 3.52 63.47 66.99 OK
r-release-macos-x86_64 0.5.1 NOTE
r-release-windows-ix86+x86_64 0.5.1 6.00 71.00 77.00 NOTE
r-oldrel-macos-x86_64 0.5.1 NOTE
r-oldrel-windows-ix86+x86_64 0.5.1 6.00 130.00 136.00 NOTE

Check Details

Version: 0.5.1
Check: installed package size
Result: NOTE
     installed size is 8.4Mb
     sub-directories of 1Mb or more:
     doc 1.6Mb
     extdata 6.4Mb
Flavors: r-devel-linux-x86_64-fedora-clang, r-devel-windows-ix86+x86_64, r-patched-solaris-x86, r-release-macos-x86_64, r-release-windows-ix86+x86_64, r-oldrel-macos-x86_64, r-oldrel-windows-ix86+x86_64

Version: 0.5.1
Check: data for non-ASCII characters
Result: NOTE
     Note: found 1 marked UTF-8 string
Flavors: r-devel-linux-x86_64-fedora-clang, r-devel-linux-x86_64-fedora-gcc, r-patched-solaris-x86, r-release-macos-x86_64, r-oldrel-macos-x86_64