CRAN Package Check Results for Package usmap

Last updated on 2019-01-23 20:48:25 CET.

Flavor Version Tinstall Tcheck Ttotal Status Flags
r-devel-linux-x86_64-debian-clang 0.4.0 2.09 47.65 49.74 OK
r-devel-linux-x86_64-debian-gcc 0.4.0 1.55 36.75 38.30 OK
r-devel-linux-x86_64-fedora-clang 0.4.0 58.80 NOTE
r-devel-linux-x86_64-fedora-gcc 0.4.0 54.44 NOTE
r-devel-windows-ix86+x86_64 0.4.0 7.00 64.00 71.00 NOTE
r-patched-linux-x86_64 0.4.0 1.40 43.25 44.65 OK
r-patched-solaris-x86 0.4.0 80.90 NOTE
r-release-linux-x86_64 0.4.0 2.07 43.12 45.19 OK
r-release-windows-ix86+x86_64 0.4.0 4.00 88.00 92.00 NOTE
r-release-osx-x86_64 0.4.0 NOTE
r-oldrel-windows-ix86+x86_64 0.4.0 4.00 103.00 107.00 NOTE
r-oldrel-osx-x86_64 0.4.0 NOTE

Check Details

Version: 0.4.0
Check: installed package size
Result: NOTE
     installed size is 7.0Mb
     sub-directories of 1Mb or more:
     extdata 6.2Mb
Flavors: r-devel-linux-x86_64-fedora-clang, r-devel-windows-ix86+x86_64, r-patched-solaris-x86, r-release-windows-ix86+x86_64, r-release-osx-x86_64, r-oldrel-windows-ix86+x86_64, r-oldrel-osx-x86_64

Version: 0.4.0
Check: data for non-ASCII characters
Result: NOTE
     Note: found 1 marked UTF-8 string
Flavors: r-devel-linux-x86_64-fedora-clang, r-devel-linux-x86_64-fedora-gcc, r-patched-solaris-x86, r-release-osx-x86_64, r-oldrel-osx-x86_64