CRAN Package Check Results for Package usmap

Last updated on 2022-11-29 06:51:02 CET.

Flavor Version Tinstall Tcheck Ttotal Status Flags
r-devel-linux-x86_64-debian-clang 0.6.1 2.40 86.53 88.93 OK
r-devel-linux-x86_64-debian-gcc 0.6.1 2.84 65.91 68.75 OK
r-devel-linux-x86_64-fedora-clang 0.6.1 122.23 NOTE
r-devel-linux-x86_64-fedora-gcc 0.6.1 119.17 NOTE
r-devel-windows-x86_64 0.6.1 25.00 138.00 163.00 OK
r-patched-linux-x86_64 0.6.1 3.81 80.17 83.98 OK
r-release-linux-x86_64 0.6.1 3.63 79.23 82.86 OK
r-release-macos-arm64 0.6.1 46.00 NOTE
r-release-macos-x86_64 0.6.1 53.00 NOTE
r-release-windows-x86_64 0.6.1 27.00 117.00 144.00 OK
r-oldrel-macos-arm64 0.6.1 51.00 NOTE
r-oldrel-macos-x86_64 0.6.1 58.00 NOTE
r-oldrel-windows-ix86+x86_64 0.6.1 9.00 117.00 126.00 OK

Check Details

Version: 0.6.1
Check: data for non-ASCII characters
Result: NOTE
     Note: found 1 marked UTF-8 string
Flavors: r-devel-linux-x86_64-fedora-clang, r-devel-linux-x86_64-fedora-gcc, r-release-macos-arm64, r-release-macos-x86_64, r-oldrel-macos-arm64, r-oldrel-macos-x86_64