Last updated on 2023-03-26 06:53:40 CEST.
Flavor | Version | Tinstall | Tcheck | Ttotal | Status | Flags |
---|---|---|---|---|---|---|
r-devel-linux-x86_64-debian-clang | 0.6.1 | 3.80 | 83.82 | 87.62 | OK | |
r-devel-linux-x86_64-debian-gcc | 0.6.1 | 2.76 | 63.81 | 66.57 | OK | |
r-devel-linux-x86_64-fedora-clang | 0.6.1 | 106.41 | NOTE | |||
r-devel-linux-x86_64-fedora-gcc | 0.6.1 | 112.79 | NOTE | |||
r-patched-linux-x86_64 | 0.6.1 | 2.75 | 78.29 | 81.04 | OK | |
r-release-linux-x86_64 | 0.6.1 | 3.75 | 81.42 | 85.17 | OK | |
r-release-macos-arm64 | 0.6.1 | 46.00 | NOTE | |||
r-release-macos-x86_64 | 0.6.1 | 53.00 | NOTE | |||
r-release-windows-x86_64 | 0.6.1 | 17.00 | 128.00 | 145.00 | OK | |
r-oldrel-macos-arm64 | 0.6.1 | 51.00 | NOTE | |||
r-oldrel-macos-x86_64 | 0.6.1 | 58.00 | NOTE | |||
r-oldrel-windows-ix86+x86_64 | 0.6.1 | 8.00 | 114.00 | 122.00 | OK |
Version: 0.6.1
Check: data for non-ASCII characters
Result: NOTE
Note: found 1 marked UTF-8 string
Flavors: r-devel-linux-x86_64-fedora-clang, r-devel-linux-x86_64-fedora-gcc, r-release-macos-arm64, r-release-macos-x86_64, r-oldrel-macos-arm64, r-oldrel-macos-x86_64