CRAN Package Check Results for Package ustyc

Last updated on 2023-02-06 23:02:31 CET.

Flavor Version Tinstall Tcheck Ttotal Status Flags
r-devel-linux-x86_64-debian-clang 1.0.0 3.72 33.23 36.95 NOTE
r-devel-linux-x86_64-debian-gcc 1.0.0 2.09 26.14 28.23 NOTE
r-devel-linux-x86_64-fedora-clang 1.0.0 47.12 NOTE
r-devel-linux-x86_64-fedora-gcc 1.0.0 49.25 NOTE
r-devel-windows-x86_64 1.0.0 8.00 68.00 76.00 NOTE
r-patched-linux-x86_64 1.0.0 2.85 34.21 37.06 NOTE
r-release-linux-x86_64 1.0.0 3.69 33.59 37.28 NOTE
r-release-macos-arm64 1.0.0 19.00 NOTE
r-release-macos-x86_64 1.0.0 26.00 NOTE
r-release-windows-x86_64 1.0.0 9.00 68.00 77.00 NOTE
r-oldrel-macos-arm64 1.0.0 22.00 NOTE
r-oldrel-macos-x86_64 1.0.0 34.00 NOTE
r-oldrel-windows-ix86+x86_64 1.0.0 8.00 64.00 72.00 NOTE

Check Details

Version: 1.0.0
Check: DESCRIPTION meta-information
Result: NOTE
    Malformed Title field: should not end in a period.
Flavors: r-devel-linux-x86_64-debian-clang, r-devel-linux-x86_64-debian-gcc, r-devel-linux-x86_64-fedora-clang, r-devel-linux-x86_64-fedora-gcc, r-devel-windows-x86_64, r-patched-linux-x86_64, r-release-linux-x86_64, r-release-macos-arm64, r-release-macos-x86_64, r-release-windows-x86_64, r-oldrel-macos-arm64, r-oldrel-macos-x86_64, r-oldrel-windows-ix86+x86_64