CRAN Package Check Results for Package utile.tools

Last updated on 2022-01-25 04:49:54 CET.

Flavor Version Tinstall Tcheck Ttotal Status Flags
r-devel-linux-x86_64-debian-clang 0.2.6 2.30 31.94 34.24 NOTE
r-devel-linux-x86_64-debian-gcc 0.2.6 1.55 25.43 26.98 NOTE
r-devel-linux-x86_64-fedora-clang 0.2.6 42.16 NOTE
r-devel-linux-x86_64-fedora-gcc 0.2.6 31.80 NOTE
r-devel-windows-x86_64-new-UL 0.2.6 40.00 55.00 95.00 NOTE
r-devel-windows-x86_64-new-TK 0.2.6 NOTE
r-patched-linux-x86_64 0.2.6 2.28 31.10 33.38 NOTE
r-release-linux-x86_64 0.2.6 2.14 31.05 33.19 NOTE
r-release-macos-arm64 0.2.6 NOTE
r-release-macos-x86_64 0.2.6 NOTE
r-release-windows-ix86+x86_64 0.2.6 5.00 42.00 47.00 NOTE
r-oldrel-macos-x86_64 0.2.6 OK
r-oldrel-windows-ix86+x86_64 0.2.6 8.00 41.00 49.00 OK

Check Details

Version: 0.2.6
Check: LazyData
Result: NOTE
     'LazyData' is specified without a 'data' directory
Flavors: r-devel-linux-x86_64-debian-clang, r-devel-linux-x86_64-debian-gcc, r-devel-linux-x86_64-fedora-clang, r-devel-linux-x86_64-fedora-gcc, r-devel-windows-x86_64-new-UL, r-devel-windows-x86_64-new-TK, r-patched-linux-x86_64, r-release-linux-x86_64, r-release-macos-arm64, r-release-macos-x86_64, r-release-windows-ix86+x86_64

Version: 0.2.6
Check: Rd cross-references
Result: NOTE
    Undeclared package ‘dplyr’ in Rd xrefs
Flavor: r-devel-linux-x86_64-fedora-clang