CRAN Package Check Results for Package utile.visuals

Last updated on 2022-01-27 05:56:10 CET.

Flavor Version Tinstall Tcheck Ttotal Status Flags
r-devel-linux-x86_64-debian-clang 0.3.0 4.48 57.79 62.27 NOTE
r-devel-linux-x86_64-debian-gcc 0.3.0 3.64 43.85 47.49 NOTE
r-devel-linux-x86_64-fedora-clang 0.3.0 74.22 NOTE
r-devel-linux-x86_64-fedora-gcc 0.3.0 63.25 NOTE
r-devel-windows-x86_64-new-UL 0.3.0 42.00 69.00 111.00 NOTE
r-devel-windows-x86_64-new-TK 0.3.0 NOTE
r-patched-linux-x86_64 0.3.0 4.06 52.87 56.93 NOTE
r-release-linux-x86_64 0.3.0 4.69 51.65 56.34 NOTE
r-release-macos-arm64 0.3.0 NOTE
r-release-macos-x86_64 0.3.0 NOTE
r-release-windows-ix86+x86_64 0.3.0 13.00 67.00 80.00 NOTE
r-oldrel-macos-x86_64 0.3.0 OK
r-oldrel-windows-ix86+x86_64 0.3.0 14.00 68.00 82.00 OK

Check Details

Version: 0.3.0
Check: LazyData
Result: NOTE
     'LazyData' is specified without a 'data' directory
Flavors: r-devel-linux-x86_64-debian-clang, r-devel-linux-x86_64-debian-gcc, r-devel-linux-x86_64-fedora-clang, r-devel-linux-x86_64-fedora-gcc, r-devel-windows-x86_64-new-UL, r-devel-windows-x86_64-new-TK, r-patched-linux-x86_64, r-release-linux-x86_64, r-release-macos-arm64, r-release-macos-x86_64, r-release-windows-ix86+x86_64