CRAN Package Check Results for Package utility

Last updated on 2020-04-06 01:48:23 CEST.

Flavor Version Tinstall Tcheck Ttotal Status Flags
r-devel-linux-x86_64-debian-clang 1.4.5 8.18 65.22 73.40 OK
r-devel-linux-x86_64-debian-gcc 1.4.5 0.44 2.28 2.72 ERROR
r-devel-linux-x86_64-fedora-clang 1.4.5 87.37 OK
r-devel-linux-x86_64-fedora-gcc 1.4.5 84.30 OK
r-devel-windows-ix86+x86_64 1.4.5 14.00 102.00 116.00 OK
r-devel-windows-ix86+x86_64-gcc8 1.4.5 14.00 77.00 91.00 OK
r-patched-linux-x86_64 1.4.5 8.00 63.94 71.94 OK
r-patched-solaris-x86 1.4.5 120.30 OK
r-release-linux-x86_64 1.4.5 6.50 59.74 66.24 OK
r-release-windows-ix86+x86_64 1.4.5 19.00 100.00 119.00 OK
r-release-osx-x86_64 1.4.5 OK
r-oldrel-windows-ix86+x86_64 1.4.5 8.00 73.00 81.00 OK
r-oldrel-osx-x86_64 1.4.5 OK

Check Details

Version: 1.4.5
Check: whether package can be installed
Result: ERROR
    Installation failed.
Flavor: r-devel-linux-x86_64-debian-gcc