CRAN Package Check Results for Package utr.annotation

Last updated on 2021-12-08 06:51:31 CET.

Flavor Version Tinstall Tcheck Ttotal Status Flags
r-devel-linux-x86_64-debian-clang 1.0.4 51.41 467.14 518.55 OK
r-devel-linux-x86_64-debian-gcc 1.0.4 44.27 360.84 405.11 OK
r-devel-linux-x86_64-fedora-clang 1.0.4 683.37 NOTE
r-devel-linux-x86_64-fedora-gcc 1.0.4 623.74 NOTE
r-devel-windows-x86_64-new-UL 1.0.4 79.00 546.00 625.00 OK
r-devel-windows-x86_64-new-TK 1.0.4 NOTE
r-devel-windows-x86_64-old 1.0.4 75.00 395.00 470.00 OK
r-patched-linux-x86_64 1.0.4 51.17 449.15 500.32 OK
r-release-linux-x86_64 1.0.4 46.28 450.44 496.72 OK
r-release-macos-arm64 1.0.4 NOTE
r-release-macos-x86_64 1.0.4 NOTE
r-release-windows-ix86+x86_64 1.0.4 78.00 512.00 590.00 OK
r-oldrel-macos-x86_64 1.0.4 NOTE
r-oldrel-windows-ix86+x86_64 1.0.4 122.00 576.00 698.00 OK

Check Details

Version: 1.0.4
Check: dependencies in R code
Result: NOTE
    Namespaces in Imports field not imported from:
     'parallel' 'xml2'
     All declared Imports should be used.
Flavors: r-devel-linux-x86_64-fedora-clang, r-devel-linux-x86_64-fedora-gcc, r-devel-windows-x86_64-new-TK, r-release-macos-arm64, r-release-macos-x86_64, r-oldrel-macos-x86_64