CRAN Package Check Results for Package uuid

Last updated on 2022-12-04 16:53:07 CET.

Flavor Version Tinstall Tcheck Ttotal Status Flags
r-devel-linux-x86_64-debian-clang 1.1-0 10.87 23.75 34.62 WARN
r-devel-linux-x86_64-debian-gcc 1.1-0 6.85 18.66 25.51 WARN
r-devel-linux-x86_64-fedora-clang 1.1-0 52.52 WARN
r-devel-linux-x86_64-fedora-gcc 1.1-0 52.13 WARN
r-devel-windows-x86_64 1.1-0 24.00 48.00 72.00 OK
r-patched-linux-x86_64 1.1-0 7.46 22.91 30.37 OK
r-release-linux-x86_64 1.1-0 7.61 23.08 30.69 OK
r-release-macos-arm64 1.1-0 24.00 OK
r-release-macos-x86_64 1.1-0 35.00 OK
r-release-windows-x86_64 1.1-0 20.00 46.00 66.00 OK
r-oldrel-macos-arm64 1.1-0 24.00 OK
r-oldrel-macos-x86_64 1.1-0 38.00 OK
r-oldrel-windows-ix86+x86_64 1.1-0 23.00 34.00 57.00 OK

Check Details

Version: 1.1-0
Check: whether package can be installed
Result: WARN
    Found the following significant warnings:
     rand.c:90:21: warning: a function declaration without a prototype is deprecated in all versions of C [-Wstrict-prototypes]
     rand.c:92:24: warning: a function declaration without a prototype is deprecated in all versions of C [-Wstrict-prototypes]
     rand.c:103:22: warning: a function declaration without a prototype is deprecated in all versions of C [-Wstrict-prototypes]
     rand.c:138:17: warning: a function declaration without a prototype is deprecated in all versions of C [-Wstrict-prototypes]
Flavors: r-devel-linux-x86_64-debian-clang, r-devel-linux-x86_64-fedora-clang

Version: 1.1-0
Check: whether package can be installed
Result: WARN
    Found the following significant warnings:
     rand.c:90:1: warning: function declaration isn’t a prototype [-Wstrict-prototypes]
     rand.c:92:1: warning: function declaration isn’t a prototype [-Wstrict-prototypes]
     rand.c:103:13: warning: function declaration isn’t a prototype [-Wstrict-prototypes]
     rand.c:138:6: warning: function declaration isn’t a prototype [-Wstrict-prototypes]
Flavors: r-devel-linux-x86_64-debian-gcc, r-devel-linux-x86_64-fedora-gcc