Last updated on 2023-05-28 00:56:31 CEST.
Flavor | Version | Tinstall | Tcheck | Ttotal | Status | Flags |
---|---|---|---|---|---|---|
r-devel-linux-x86_64-debian-clang | 1.1.0 | 9.62 | 94.30 | 103.92 | OK | |
r-devel-linux-x86_64-debian-gcc | 1.1.0 | 8.48 | 70.88 | 79.36 | OK | |
r-devel-linux-x86_64-fedora-clang | 1.1.0 | 134.40 | NOTE | |||
r-devel-linux-x86_64-fedora-gcc | 1.1.0 | 124.45 | NOTE | |||
r-devel-windows-x86_64 | 1.1.0 | 12.00 | 92.00 | 104.00 | OK | |
r-patched-linux-x86_64 | 1.1.0 | 9.50 | 88.00 | 97.50 | OK | |
r-release-linux-x86_64 | 1.1.0 | 8.47 | 88.18 | 96.65 | OK | |
r-release-macos-arm64 | 1.1.0 | 25.00 | OK | |||
r-release-macos-x86_64 | 1.1.0 | 67.00 | OK | |||
r-release-windows-x86_64 | 1.1.0 | 12.00 | 107.00 | 119.00 | OK | |
r-oldrel-macos-arm64 | 1.1.0 | 25.00 | OK | |||
r-oldrel-macos-x86_64 | 1.1.0 | 54.00 | OK | |||
r-oldrel-windows-x86_64 | 1.1.0 | 14.00 | 106.00 | 120.00 | OK |
Version: 1.1.0
Check: dependencies in R code
Result: NOTE
Namespaces in Imports field not imported from:
‘maps’ ‘readr’
All declared Imports should be used.
Flavors: r-devel-linux-x86_64-fedora-clang, r-devel-linux-x86_64-fedora-gcc