CRAN Package Check Results for Package vDiveR

Last updated on 2024-04-15 19:56:15 CEST.

Flavor Version Tinstall Tcheck Ttotal Status Flags
r-devel-linux-x86_64-debian-clang 1.2.1 10.30 96.38 106.68 OK
r-devel-linux-x86_64-debian-gcc 1.2.1 6.74 69.98 76.72 OK
r-devel-linux-x86_64-fedora-clang 1.2.1 139.59 NOTE
r-devel-linux-x86_64-fedora-gcc 1.2.1 120.64 NOTE
r-prerel-macos-arm64 1.2.1 41.00 OK
r-prerel-windows-x86_64 1.2.1 11.00 90.00 101.00 OK
r-patched-linux-x86_64 1.2.1 8.74 90.48 99.22 OK
r-release-linux-x86_64 1.2.1 8.22 89.64 97.86 OK
r-release-macos-arm64 1.2.1 45.00 OK
r-release-macos-x86_64 1.2.1 70.00 OK
r-release-windows-x86_64 1.2.1 13.00 106.00 119.00 OK
r-oldrel-macos-arm64 1.2.1 44.00 OK
r-oldrel-windows-x86_64 1.2.1 14.00 104.00 118.00 OK

Check Details

Version: 1.2.1
Check: dependencies in R code
Result: NOTE Namespaces in Imports field not imported from: ‘DT’ ‘maps’ ‘readr’ All declared Imports should be used. Flavors: r-devel-linux-x86_64-fedora-clang, r-devel-linux-x86_64-fedora-gcc