Last updated on 2021-03-02 14:47:09 CET.
Flavor | Version | Tinstall | Tcheck | Ttotal | Status | Flags |
---|---|---|---|---|---|---|
r-devel-linux-x86_64-debian-clang | 1.0.0 | OK | ||||
r-devel-linux-x86_64-debian-gcc | 1.0.0 | 4.43 | 39.65 | 44.08 | OK | |
r-devel-linux-x86_64-fedora-clang | 1.0.0 | 75.86 | NOTE | |||
r-devel-linux-x86_64-fedora-gcc | 1.0.0 | 65.60 | NOTE | |||
r-devel-windows-ix86+x86_64 | 1.0.0 | 10.00 | 58.00 | 68.00 | OK | |
r-patched-linux-x86_64 | 1.0.0 | 5.21 | 48.59 | 53.80 | OK | |
r-patched-solaris-x86 | 1.0.0 | 111.80 | NOTE | |||
r-release-linux-x86_64 | 1.0.0 | 5.46 | 48.59 | 54.05 | OK | |
r-release-macos-x86_64 | 1.0.0 | NOTE | ||||
r-release-windows-ix86+x86_64 | 1.0.0 | 17.00 | 73.00 | 90.00 | OK | |
r-oldrel-macos-x86_64 | 1.0.0 | ERROR |
Version: 1.0.0
Check: dependencies in R code
Result: NOTE
Namespace in Imports field not imported from: ‘Rdpack’
All declared Imports should be used.
Flavors: r-devel-linux-x86_64-fedora-clang, r-devel-linux-x86_64-fedora-gcc, r-patched-solaris-x86, r-release-macos-x86_64
Version: 1.0.0
Check: whether package can be installed
Result: ERROR
Installation failed.
Flavor: r-oldrel-macos-x86_64