Last updated on 2022-05-17 09:52:47 CEST.
Flavor | Version | Tinstall | Tcheck | Ttotal | Status | Flags |
---|---|---|---|---|---|---|
r-devel-linux-x86_64-debian-clang | 0.2.1 | 3.70 | 41.77 | 45.47 | NOTE | |
r-devel-linux-x86_64-debian-gcc | 0.2.1 | 2.53 | 31.66 | 34.19 | NOTE | |
r-devel-linux-x86_64-fedora-clang | 0.2.1 | 54.19 | NOTE | |||
r-devel-linux-x86_64-fedora-gcc | 0.2.1 | 52.39 | NOTE | |||
r-devel-windows-x86_64 | 0.2.1 | 15.00 | 63.00 | 78.00 | NOTE | |
r-patched-linux-x86_64 | 0.2.1 | 2.81 | 39.72 | 42.53 | NOTE | |
r-release-linux-x86_64 | 0.2.1 | 2.77 | 40.56 | 43.33 | NOTE | |
r-release-macos-arm64 | 0.2.1 | 18.00 | NOTE | |||
r-release-macos-x86_64 | 0.2.1 | 26.00 | NOTE | |||
r-release-windows-x86_64 | 0.2.1 | 19.00 | 64.00 | 83.00 | NOTE | |
r-oldrel-macos-arm64 | 0.2.1 | 23.00 | NOTE | |||
r-oldrel-macos-x86_64 | 0.2.1 | 34.00 | NOTE | |||
r-oldrel-windows-ix86+x86_64 | 0.2.1 | 8.00 | 52.00 | 60.00 | NOTE |
Version: 0.2.1
Check: LazyData
Result: NOTE
'LazyData' is specified without a 'data' directory
Flavors: r-devel-linux-x86_64-debian-clang, r-devel-linux-x86_64-debian-gcc, r-devel-linux-x86_64-fedora-clang, r-devel-linux-x86_64-fedora-gcc, r-devel-windows-x86_64, r-patched-linux-x86_64, r-release-linux-x86_64, r-release-macos-arm64, r-release-macos-x86_64, r-release-windows-x86_64, r-oldrel-macos-arm64, r-oldrel-macos-x86_64, r-oldrel-windows-ix86+x86_64