Last updated on 2023-12-10 13:49:46 CET.
Flavor | Version | Tinstall | Tcheck | Ttotal | Status | Flags |
---|---|---|---|---|---|---|
r-devel-linux-x86_64-debian-clang | 1.0.5 | 1.65 | 22.02 | 23.67 | NOTE | |
r-devel-linux-x86_64-debian-gcc | 1.0.5 | 1.52 | 17.19 | 18.71 | NOTE | |
r-devel-linux-x86_64-fedora-clang | 1.0.5 | 31.32 | NOTE | |||
r-devel-linux-x86_64-fedora-gcc | 1.0.5 | 29.52 | NOTE | |||
r-devel-windows-x86_64 | 1.0.5 | 3.00 | 44.00 | 47.00 | NOTE | |
r-patched-linux-x86_64 | 1.0.5 | 1.83 | 21.43 | 23.26 | NOTE | |
r-release-linux-x86_64 | 1.0.5 | 1.67 | 21.15 | 22.82 | NOTE | |
r-release-macos-arm64 | 1.0.5 | 18.00 | NOTE | |||
r-release-macos-x86_64 | 1.0.5 | 20.00 | NOTE | |||
r-release-windows-x86_64 | 1.0.5 | 4.00 | 42.00 | 46.00 | NOTE | |
r-oldrel-macos-arm64 | 1.0.5 | 15.00 | NOTE | |||
r-oldrel-macos-x86_64 | 1.0.5 | 20.00 | NOTE | |||
r-oldrel-windows-x86_64 | 1.0.5 | 4.00 | 46.00 | 50.00 | NOTE |
Version: 1.0.5
Check: package dependencies
Result: NOTE
Packages suggested but not available for checking: 'vaers', 'vaersND'
Flavors: r-devel-linux-x86_64-debian-clang, r-devel-linux-x86_64-debian-gcc, r-devel-linux-x86_64-fedora-clang, r-devel-linux-x86_64-fedora-gcc, r-devel-windows-x86_64, r-patched-linux-x86_64, r-release-linux-x86_64, r-release-macos-arm64, r-release-macos-x86_64, r-release-windows-x86_64, r-oldrel-macos-arm64, r-oldrel-macos-x86_64, r-oldrel-windows-x86_64