Last updated on 2023-01-27 15:50:27 CET.
Flavor | Version | Tinstall | Tcheck | Ttotal | Status | Flags |
---|---|---|---|---|---|---|
r-devel-linux-x86_64-debian-clang | 0.1.6 | 2.04 | 21.90 | 23.94 | NOTE | |
r-devel-linux-x86_64-debian-gcc | 0.1.6 | 1.73 | 17.15 | 18.88 | NOTE | |
r-devel-linux-x86_64-fedora-clang | 0.1.6 | 30.12 | NOTE | |||
r-devel-linux-x86_64-fedora-gcc | 0.1.6 | 29.78 | NOTE | |||
r-patched-linux-x86_64 | 0.1.6 | 2.03 | 22.10 | 24.13 | NOTE | |
r-release-linux-x86_64 | 0.1.6 | 2.26 | 22.21 | 24.47 | NOTE | |
r-release-macos-arm64 | 0.1.6 | 15.00 | NOTE | |||
r-release-macos-x86_64 | 0.1.6 | 27.00 | NOTE | |||
r-release-windows-x86_64 | 0.1.6 | 16.00 | 59.00 | 75.00 | NOTE | |
r-oldrel-macos-arm64 | 0.1.6 | 18.00 | NOTE | |||
r-oldrel-macos-x86_64 | 0.1.6 | 21.00 | NOTE | |||
r-oldrel-windows-ix86+x86_64 | 0.1.6 | 6.00 | 119.00 | 125.00 | NOTE |
Version: 0.1.6
Check: LazyData
Result: NOTE
'LazyData' is specified without a 'data' directory
Flavors: r-devel-linux-x86_64-debian-clang, r-devel-linux-x86_64-debian-gcc, r-devel-linux-x86_64-fedora-clang, r-devel-linux-x86_64-fedora-gcc, r-patched-linux-x86_64, r-release-linux-x86_64, r-release-macos-arm64, r-release-macos-x86_64, r-release-windows-x86_64, r-oldrel-macos-arm64, r-oldrel-macos-x86_64, r-oldrel-windows-ix86+x86_64