CRAN Package Check Results for Package validann

Last updated on 2019-07-21 21:47:08 CEST.

Flavor Version Tinstall Tcheck Ttotal Status Flags
r-devel-linux-x86_64-debian-clang 1.2.1 2.76 32.69 35.45 NOTE
r-devel-linux-x86_64-debian-gcc 1.2.1 2.21 25.70 27.91 NOTE
r-devel-linux-x86_64-fedora-clang 1.2.1 43.94 NOTE
r-devel-linux-x86_64-fedora-gcc 1.2.1 39.83 NOTE
r-devel-windows-ix86+x86_64 1.2.1 5.00 62.00 67.00 OK
r-patched-linux-x86_64 1.2.1 2.91 31.68 34.59 OK
r-patched-solaris-x86 1.2.1 63.80 OK
r-release-linux-x86_64 1.2.1 2.62 31.94 34.56 OK
r-release-windows-ix86+x86_64 1.2.1 5.00 44.00 49.00 OK
r-release-osx-x86_64 1.2.1 OK
r-oldrel-windows-ix86+x86_64 1.2.1 6.00 55.00 61.00 OK
r-oldrel-osx-x86_64 1.2.1 OK

Check Details

Version: 1.2.1
Check: for non-standard things in the check directory
Result: NOTE
    Found the following files/directories:
     'PredValidationPlots.pdf' 'RepStructValidationPlots.pdf'
Flavors: r-devel-linux-x86_64-debian-clang, r-devel-linux-x86_64-debian-gcc, r-devel-linux-x86_64-fedora-clang, r-devel-linux-x86_64-fedora-gcc