Last updated on 2023-12-03 11:50:54 CET.
Flavor | Version | Tinstall | Tcheck | Ttotal | Status | Flags |
---|---|---|---|---|---|---|
r-devel-linux-x86_64-debian-clang | 1.2.1 | 5.42 | 41.83 | 47.25 | NOTE | |
r-devel-linux-x86_64-debian-gcc | 1.2.1 | 3.86 | 32.64 | 36.50 | NOTE | |
r-devel-linux-x86_64-fedora-clang | 1.2.1 | 58.91 | OK | |||
r-devel-linux-x86_64-fedora-gcc | 1.2.1 | 55.23 | OK | |||
r-devel-windows-x86_64 | 1.2.1 | 6.00 | 55.00 | 61.00 | OK | |
r-patched-linux-x86_64 | 1.2.1 | 5.08 | 40.90 | 45.98 | OK | |
r-release-linux-x86_64 | 1.2.1 | 4.80 | 40.99 | 45.79 | OK | |
r-release-macos-arm64 | 1.2.1 | 24.00 | OK | |||
r-release-macos-x86_64 | 1.2.1 | 58.00 | OK | |||
r-release-windows-x86_64 | 1.2.1 | 6.00 | 58.00 | 64.00 | OK | |
r-oldrel-macos-arm64 | 1.2.1 | 27.00 | OK | |||
r-oldrel-macos-x86_64 | 1.2.1 | 10.00 | ERROR | |||
r-oldrel-windows-x86_64 | 1.2.1 | 7.00 | 61.00 | 68.00 | OK |
Version: 1.2.1
Check: Rd files
Result: NOTE
checkRd: (-1) sendTasks.Rd:41: Lost braces in \itemize; \value handles \item{}{} directly
checkRd: (-1) sendTasks.Rd:43: Lost braces in \itemize; \value handles \item{}{} directly
Flavors: r-devel-linux-x86_64-debian-clang, r-devel-linux-x86_64-debian-gcc
Version: 1.2.1
Check: package dependencies
Result: ERROR
Package required and available but unsuitable version: ‘tm’
See section ‘The DESCRIPTION file’ in the ‘Writing R Extensions’
manual.
Flavor: r-oldrel-macos-x86_64