Last updated on 2023-09-21 11:56:11 CEST.
Flavor | Version | Tinstall | Tcheck | Ttotal | Status | Flags |
---|---|---|---|---|---|---|
r-devel-linux-x86_64-debian-clang | 0.5.0 | 6.78 | 59.90 | 66.68 | NOTE | |
r-devel-linux-x86_64-debian-gcc | 0.5.0 | 4.51 | 44.83 | 49.34 | NOTE | |
r-devel-linux-x86_64-fedora-clang | 0.5.0 | 82.76 | NOTE | |||
r-devel-linux-x86_64-fedora-gcc | 0.5.0 | 78.07 | NOTE | |||
r-devel-windows-x86_64 | 0.5.0 | 4.00 | 66.00 | 70.00 | NOTE | |
r-patched-linux-x86_64 | 0.5.0 | 7.67 | 58.13 | 65.80 | NOTE | |
r-release-linux-x86_64 | 0.5.0 | 5.21 | 58.78 | 63.99 | NOTE | |
r-release-macos-arm64 | 0.5.0 | 26.00 | NOTE | |||
r-release-macos-x86_64 | 0.5.0 | 41.00 | NOTE | |||
r-release-windows-x86_64 | 0.5.0 | 5.00 | 73.00 | 78.00 | NOTE | |
r-oldrel-macos-arm64 | 0.5.0 | 27.00 | NOTE | |||
r-oldrel-macos-x86_64 | 0.5.0 | 37.00 | NOTE | |||
r-oldrel-windows-x86_64 | 0.5.0 | 8.00 | 78.00 | 86.00 | NOTE |
Version: 0.5.0
Check: LazyData
Result: NOTE
'LazyData' is specified without a 'data' directory
Flavors: r-devel-linux-x86_64-debian-clang, r-devel-linux-x86_64-debian-gcc, r-devel-linux-x86_64-fedora-clang, r-devel-linux-x86_64-fedora-gcc, r-devel-windows-x86_64, r-patched-linux-x86_64, r-release-linux-x86_64, r-release-macos-arm64, r-release-macos-x86_64, r-release-windows-x86_64, r-oldrel-macos-arm64, r-oldrel-macos-x86_64, r-oldrel-windows-x86_64