CRAN Package Check Results for Package valmetrics

Last updated on 2021-10-20 05:51:00 CEST.

Flavor Version Tinstall Tcheck Ttotal Status Flags
r-devel-linux-x86_64-debian-clang 1.0.0 2.37 24.09 26.46 NOTE
r-devel-linux-x86_64-debian-gcc 1.0.0 2.13 19.03 21.16 NOTE
r-devel-linux-x86_64-fedora-clang 1.0.0 43.56 NOTE
r-devel-linux-x86_64-fedora-gcc 1.0.0 33.15 NOTE
r-devel-windows-x86_64 1.0.0 5.00 39.00 44.00 NOTE
r-devel-windows-x86_64-gcc10-UCRT 1.0.0 NOTE
r-patched-linux-x86_64 1.0.0 3.07 23.51 26.58 NOTE
r-patched-solaris-x86 1.0.0 51.00 NOTE
r-release-linux-x86_64 1.0.0 2.22 23.94 26.16 NOTE
r-release-macos-arm64 1.0.0 NOTE
r-release-macos-x86_64 1.0.0 NOTE
r-release-windows-ix86+x86_64 1.0.0 6.00 43.00 49.00 NOTE
r-oldrel-macos-x86_64 1.0.0 OK
r-oldrel-windows-ix86+x86_64 1.0.0 6.00 48.00 54.00 OK

Check Details

Version: 1.0.0
Check: LazyData
Result: NOTE
     'LazyData' is specified without a 'data' directory
Flavors: r-devel-linux-x86_64-debian-clang, r-devel-linux-x86_64-debian-gcc, r-devel-linux-x86_64-fedora-clang, r-devel-linux-x86_64-fedora-gcc, r-devel-windows-x86_64, r-devel-windows-x86_64-gcc10-UCRT, r-patched-linux-x86_64, r-patched-solaris-x86, r-release-linux-x86_64, r-release-macos-arm64, r-release-macos-x86_64, r-release-windows-ix86+x86_64