CRAN Package Check Results for Package valr

Last updated on 2021-09-20 10:54:10 CEST.

Flavor Version Tinstall Tcheck Ttotal Status Flags
r-devel-linux-x86_64-debian-clang 0.6.3 160.22 124.26 284.48 OK
r-devel-linux-x86_64-debian-gcc 0.6.3 109.15 90.97 200.12 OK
r-devel-linux-x86_64-fedora-clang 0.6.3 391.02 NOTE
r-devel-linux-x86_64-fedora-gcc 0.6.3 356.87 OK
r-devel-windows-x86_64 0.6.3 137.00 122.00 259.00 OK
r-devel-windows-x86_64-gcc10-UCRT 0.6.3 ERROR
r-patched-linux-x86_64 0.6.3 142.28 115.83 258.11 OK
r-patched-solaris-x86 0.6.3 372.80 OK
r-release-linux-x86_64 0.6.3 137.98 114.68 252.66 OK
r-release-macos-arm64 0.6.3 NOTE
r-release-macos-x86_64 0.6.3 NOTE
r-release-windows-ix86+x86_64 0.6.3 362.00 195.00 557.00 OK
r-oldrel-macos-x86_64 0.6.3 NOTE
r-oldrel-windows-ix86+x86_64 0.6.3 371.00 190.00 561.00 OK

Check Details

Version: 0.6.3
Check: installed package size
Result: NOTE
     installed size is 8.0Mb
     sub-directories of 1Mb or more:
     libs 7.0Mb
Flavors: r-devel-linux-x86_64-fedora-clang, r-release-macos-arm64, r-release-macos-x86_64, r-oldrel-macos-x86_64

Version: 0.6.3
Check: whether package can be installed
Result: ERROR
    Installation failed.
Flavor: r-devel-windows-x86_64-gcc10-UCRT

Version: 0.6.3
Check: package dependencies
Result: NOTE
    Package suggested but not available for checking: ‘GenomicRanges’
Flavor: r-release-macos-arm64