CRAN Package Check Results for Package vandalico

Last updated on 2022-06-26 02:51:26 CEST.

Flavor Version Tinstall Tcheck Ttotal Status Flags
r-devel-linux-x86_64-debian-clang 0.0.1 2.08 23.72 25.80 OK
r-devel-linux-x86_64-debian-gcc 0.0.1 1.72 18.69 20.41 OK
r-devel-linux-x86_64-fedora-clang 0.0.1 44.79 WARN
r-devel-linux-x86_64-fedora-gcc 0.0.1 41.46 WARN
r-devel-windows-x86_64 0.0.1 9.00 54.00 63.00 OK
r-patched-linux-x86_64 0.0.1 1.75 23.21 24.96 OK
r-release-linux-x86_64 0.0.1 1.51 23.41 24.92 OK
r-release-macos-arm64 0.0.1 18.00 OK
r-release-macos-x86_64 0.0.1 21.00 OK
r-release-windows-x86_64 0.0.1 14.00 52.00 66.00 OK
r-oldrel-macos-arm64 0.0.1 14.00 OK
r-oldrel-macos-x86_64 0.0.1 20.00 OK
r-oldrel-windows-ix86+x86_64 0.0.1 5.00 41.00 46.00 OK

Check Details

Version: 0.0.1
Check: package dependencies
Result: WARN
    Requires (indirectly) orphaned package: ‘gtools’
Flavors: r-devel-linux-x86_64-fedora-clang, r-devel-linux-x86_64-fedora-gcc