Last updated on 2023-03-21 14:50:29 CET.
Flavor | Version | Tinstall | Tcheck | Ttotal | Status | Flags |
---|---|---|---|---|---|---|
r-devel-linux-x86_64-debian-clang | 0.9.3 | 99.63 | 58.49 | 158.12 | NOTE | |
r-devel-linux-x86_64-debian-gcc | 0.9.3 | 74.89 | 44.58 | 119.47 | NOTE | |
r-devel-linux-x86_64-fedora-clang | 0.9.3 | 238.58 | NOTE | |||
r-devel-linux-x86_64-fedora-gcc | 0.9.3 | 213.93 | NOTE | |||
r-patched-linux-x86_64 | 0.9.3 | 83.00 | 55.97 | 138.97 | OK | |
r-release-linux-x86_64 | 0.9.3 | 85.67 | 55.69 | 141.36 | OK | |
r-release-macos-arm64 | 0.9.3 | 95.00 | NOTE | |||
r-release-macos-x86_64 | 0.9.3 | 120.00 | NOTE | |||
r-release-windows-x86_64 | 0.9.3 | 219.00 | 595.00 | 814.00 | NOTE | |
r-oldrel-macos-arm64 | 0.9.3 | 93.00 | NOTE | |||
r-oldrel-macos-x86_64 | 0.9.3 | 123.00 | NOTE | |||
r-oldrel-windows-ix86+x86_64 | 0.9.3 | 336.00 | 445.00 | 781.00 | NOTE |
Version: 0.9.3
Check: C++ specification
Result: NOTE
Specified C++11: please drop specification unless essential
Flavors: r-devel-linux-x86_64-debian-clang, r-devel-linux-x86_64-debian-gcc, r-devel-linux-x86_64-fedora-clang, r-devel-linux-x86_64-fedora-gcc
Version: 0.9.3
Check: installed package size
Result: NOTE
installed size is 270.4Mb
sub-directories of 1Mb or more:
extdata 2.7Mb
libs 266.4Mb
Flavors: r-release-macos-arm64, r-release-macos-x86_64, r-release-windows-x86_64, r-oldrel-macos-arm64, r-oldrel-macos-x86_64, r-oldrel-windows-ix86+x86_64