CRAN Package Check Results for Package varband

Last updated on 2022-01-27 23:01:22 CET.

Flavor Version Tinstall Tcheck Ttotal Status Flags
r-devel-linux-x86_64-debian-clang 0.9.0 29.68 66.84 96.52 NOTE
r-devel-linux-x86_64-debian-gcc 0.9.0 27.16 50.94 78.10 NOTE
r-devel-linux-x86_64-fedora-clang 0.9.0 132.16 NOTE
r-devel-linux-x86_64-fedora-gcc 0.9.0 117.09 NOTE
r-devel-windows-x86_64-new-UL 0.9.0 45.00 116.00 161.00 NOTE
r-devel-windows-x86_64-new-TK 0.9.0 NOTE
r-patched-linux-x86_64 0.9.0 31.11 63.56 94.67 NOTE
r-release-linux-x86_64 0.9.0 30.10 64.42 94.52 NOTE
r-release-macos-arm64 0.9.0 NOTE
r-release-macos-x86_64 0.9.0 NOTE
r-release-windows-ix86+x86_64 0.9.0 83.00 117.00 200.00 NOTE
r-oldrel-macos-x86_64 0.9.0 OK
r-oldrel-windows-ix86+x86_64 0.9.0 83.00 122.00 205.00 OK

Check Details

Version: 0.9.0
Check: LazyData
Result: NOTE
     'LazyData' is specified without a 'data' directory
Flavors: r-devel-linux-x86_64-debian-clang, r-devel-linux-x86_64-debian-gcc, r-devel-linux-x86_64-fedora-clang, r-devel-linux-x86_64-fedora-gcc, r-devel-windows-x86_64-new-UL, r-devel-windows-x86_64-new-TK, r-patched-linux-x86_64, r-release-linux-x86_64, r-release-macos-arm64, r-release-macos-x86_64, r-release-windows-ix86+x86_64

Version: 0.9.0
Check: compiled code
Result: NOTE
    File ‘varband/libs/varband.so’:
     Found no calls to: ‘R_registerRoutines’, ‘R_useDynamicSymbols’
    
    It is good practice to register native routines and to disable symbol
    search.
    
    See ‘Writing portable packages’ in the ‘Writing R Extensions’ manual.
Flavors: r-devel-linux-x86_64-fedora-clang, r-devel-linux-x86_64-fedora-gcc