CRAN Package Check Results for Package variosig

Last updated on 2020-05-25 09:58:35 CEST.

Flavor Version Tinstall Tcheck Ttotal Status Flags
r-devel-linux-x86_64-debian-clang 0.3-1 5.25 43.63 48.88 OK
r-devel-linux-x86_64-debian-gcc 0.3-1 4.49 34.63 39.12 OK
r-devel-linux-x86_64-fedora-clang 0.3-1 57.89 OK
r-devel-linux-x86_64-fedora-gcc 0.3-1 58.30 OK
r-devel-windows-ix86+x86_64 0.3-1 19.00 79.00 98.00 OK
r-patched-linux-x86_64 0.3-1 5.24 43.67 48.91 OK
r-patched-solaris-x86 0.3-1 91.60 OK
r-release-linux-x86_64 0.3-1 4.52 43.65 48.17 OK
r-release-osx-x86_64 0.3-1 OK
r-release-windows-ix86+x86_64 0.3-1 10.00 87.00 97.00 OK
r-oldrel-osx-x86_64 0.3-1 NOTE
r-oldrel-windows-ix86+x86_64 0.3-1 10.00 85.00 95.00 OK

Check Details

Version: 0.3-1
Check: dependencies in R code
Result: NOTE
    No protocol specified
    No protocol specified
Flavor: r-oldrel-osx-x86_64