CRAN Package Check Results for Package varrank

Last updated on 2021-06-13 09:49:33 CEST.

Flavor Version Tinstall Tcheck Ttotal Status Flags
r-devel-linux-x86_64-debian-clang 0.4 3.09 150.69 153.78 OK
r-devel-linux-x86_64-debian-gcc 0.4 2.38 114.39 116.77 OK
r-devel-linux-x86_64-fedora-clang 0.4 194.37 OK
r-devel-linux-x86_64-fedora-gcc 0.4 176.50 OK
r-devel-windows-x86_64 0.4 6.00 122.00 128.00 OK
r-devel-windows-x86_64-gcc10-UCRT 0.4 OK
r-patched-linux-x86_64 0.4 3.36 142.58 145.94 OK
r-patched-solaris-x86 0.4 1001.80 WARN
r-release-linux-x86_64 0.4 3.55 141.02 144.57 OK
r-release-macos-arm64 0.4 WARN
r-release-macos-x86_64 0.4 OK
r-release-windows-ix86+x86_64 0.4 6.00 107.00 113.00 OK
r-oldrel-macos-x86_64 0.4 OK
r-oldrel-windows-ix86+x86_64 0.4 7.00 181.00 188.00 OK

Check Details

Version: 0.4
Check: package dependencies
Result: NOTE
    Package suggested but not available for checking: ‘FSelector’
Flavor: r-patched-solaris-x86

Version: 0.4
Check: re-building of vignette outputs
Result: WARN
    Error(s) in re-building vignettes:
     ...
    --- re-building ‘varrank.Rmd’ using knitr
    Loading required package: randomForest
    randomForest 4.6-14
    Type rfNews() to see new features/changes/bug fixes.
    
    Attaching package: 'randomForest'
    
    The following object is masked from 'package:ggplot2':
    
     margin
    
    Loading required package: parallel
    Quitting from lines 122-125 (varrank.Rmd)
    Error: processing vignette 'varrank.Rmd' failed with diagnostics:
    there is no package called 'FSelector'
    --- failed re-building ‘varrank.Rmd’
    
    SUMMARY: processing the following file failed:
     ‘varrank.Rmd’
    
    Error: Vignette re-building failed.
    Execution halted
Flavor: r-patched-solaris-x86

Version: 0.4
Check: re-building of vignette outputs
Result: WARN
    Error(s) in re-building vignettes:
     ...
    --- re-building ‘varrank.Rmd’ using knitr
    Loading required package: randomForest
    randomForest 4.6-14
    Type rfNews() to see new features/changes/bug fixes.
    
    Attaching package: 'randomForest'
    
    The following object is masked from 'package:ggplot2':
    
     margin
    
    Loading required package: parallel
Flavor: r-release-macos-arm64