CRAN Package Check Results for Package vars

Last updated on 2022-11-30 14:49:32 CET.

Flavor Version Tinstall Tcheck Ttotal Status Flags
r-devel-linux-x86_64-debian-clang 1.5-6 9.81 71.79 81.60 NOTE
r-devel-linux-x86_64-debian-gcc 1.5-6 7.92 54.18 62.10 NOTE
r-devel-linux-x86_64-fedora-clang 1.5-6 112.18 NOTE
r-devel-linux-x86_64-fedora-gcc 1.5-6 109.66 NOTE
r-devel-windows-x86_64 1.5-6 45.00 107.00 152.00 NOTE
r-patched-linux-x86_64 1.5-6 9.72 64.97 74.69 OK
r-release-linux-x86_64 1.5-6 10.16 65.31 75.47 OK
r-release-macos-arm64 1.5-6 70.00 OK
r-release-macos-x86_64 1.5-6 57.00 OK
r-release-windows-x86_64 1.5-6 33.00 111.00 144.00 OK
r-oldrel-macos-arm64 1.5-6 27.00 OK
r-oldrel-macos-x86_64 1.5-6 40.00 OK
r-oldrel-windows-ix86+x86_64 1.5-6 18.00 93.00 111.00 OK

Check Details

Version: 1.5-6
Check: Rd files
Result: NOTE
    checkRd: (-1) irf.Rd:111: Escaped LaTeX specials: \&
Flavors: r-devel-linux-x86_64-debian-clang, r-devel-linux-x86_64-debian-gcc, r-devel-linux-x86_64-fedora-clang, r-devel-linux-x86_64-fedora-gcc, r-devel-windows-x86_64