CRAN Package Check Results for Package varsExplore

Last updated on 2024-02-24 19:50:56 CET.

Flavor Version Tinstall Tcheck Ttotal Status Flags
r-devel-linux-x86_64-debian-clang 0.3.0 2.81 32.66 35.47 NOTE
r-devel-linux-x86_64-debian-gcc 0.3.0 2.13 24.74 26.87 NOTE
r-devel-linux-x86_64-fedora-clang 0.3.0 44.86 NOTE
r-devel-linux-x86_64-fedora-gcc 0.3.0 52.65 NOTE
r-devel-windows-x86_64 0.3.0 4.00 48.00 52.00 NOTE
r-patched-linux-x86_64 0.3.0 2.49 31.65 34.14 NOTE
r-release-linux-x86_64 0.3.0 2.18 30.82 33.00 NOTE
r-release-macos-arm64 0.3.0 38.00 NOTE
r-release-macos-x86_64 0.3.0 48.00 NOTE
r-release-windows-x86_64 0.3.0 5.00 50.00 55.00 NOTE
r-oldrel-macos-arm64 0.3.0 31.00 NOTE
r-oldrel-windows-x86_64 0.3.0 5.00 54.00 59.00 NOTE

Check Details

Version: 0.3.0
Check: LazyData
Result: NOTE 'LazyData' is specified without a 'data' directory Flavors: r-devel-linux-x86_64-debian-clang, r-devel-linux-x86_64-debian-gcc, r-devel-linux-x86_64-fedora-clang, r-devel-linux-x86_64-fedora-gcc, r-devel-windows-x86_64, r-patched-linux-x86_64, r-release-linux-x86_64, r-release-macos-arm64, r-release-macos-x86_64, r-release-windows-x86_64, r-oldrel-macos-arm64, r-oldrel-windows-x86_64

Version: 0.3.0
Check: dependencies in R code
Result: NOTE Namespace in Imports field not imported from: ‘rio’ All declared Imports should be used. Flavors: r-devel-linux-x86_64-fedora-clang, r-devel-linux-x86_64-fedora-gcc, r-oldrel-macos-arm64