CRAN Package Check Results for Package varsExplore

Last updated on 2019-12-16 10:48:30 CET.

Flavor Version Tinstall Tcheck Ttotal Status Flags
r-devel-linux-x86_64-debian-clang 0.1.0 2.64 26.00 28.64 OK
r-devel-linux-x86_64-debian-gcc 0.1.0 2.08 20.60 22.68 OK
r-devel-linux-x86_64-fedora-clang 0.1.0 36.78 NOTE
r-devel-linux-x86_64-fedora-gcc 0.1.0 34.03 NOTE
r-devel-windows-ix86+x86_64 0.1.0 10.00 70.00 80.00 OK
r-devel-windows-ix86+x86_64-gcc8 0.1.0 10.00 63.00 73.00 OK
r-patched-linux-x86_64 0.1.0 2.06 24.27 26.33 OK
r-patched-solaris-x86 0.1.0 48.80 WARN
r-release-linux-x86_64 0.1.0 2.20 24.07 26.27 OK
r-release-windows-ix86+x86_64 0.1.0 5.00 45.00 50.00 OK
r-release-osx-x86_64 0.1.0 WARN
r-oldrel-windows-ix86+x86_64 0.1.0 4.00 57.00 61.00 OK
r-oldrel-osx-x86_64 0.1.0 WARN

Check Details

Version: 0.1.0
Check: dependencies in R code
Result: NOTE
    Namespace in Imports field not imported from: ‘rio’
     All declared Imports should be used.
Flavors: r-devel-linux-x86_64-fedora-clang, r-devel-linux-x86_64-fedora-gcc, r-patched-solaris-x86, r-release-osx-x86_64, r-oldrel-osx-x86_64

Version: 0.1.0
Check: re-building of vignette outputs
Result: WARN
    Error(s) in re-building vignettes:
     ...
    --- re-building ‘basic_usage.Rmd’ using rmarkdown
    Warning in engine$weave(file, quiet = quiet, encoding = enc) :
     Pandoc (>= 1.12.3) and/or pandoc-citeproc not available. Falling back to R Markdown v1.
    
    Attaching package: 'dplyr'
    
    The following objects are masked from 'package:stats':
    
     filter, lag
    
    The following objects are masked from 'package:base':
    
     intersect, setdiff, setequal, union
    
    Quitting from lines 54-55 (basic_usage.Rmd)
    Error: processing vignette 'basic_usage.Rmd' failed with diagnostics:
    there is no package called 'webshot'
    --- failed re-building ‘basic_usage.Rmd’
    
    SUMMARY: processing the following file failed:
     ‘basic_usage.Rmd’
    
    Error: Vignette re-building failed.
    Execution halted
Flavor: r-patched-solaris-x86

Version: 0.1.0
Check: re-building of vignette outputs
Result: WARN
    Error(s) in re-building vignettes:
    --- re-building ‘basic_usage.Rmd’ using rmarkdown
    Warning in engine$weave(file, quiet = quiet, encoding = enc) :
     Pandoc (>= 1.12.3) and/or pandoc-citeproc not available. Falling back to R Markdown v1.
    
    Attaching package: 'dplyr'
    
    The following objects are masked from 'package:stats':
    
     filter, lag
    
    The following objects are masked from 'package:base':
    
     intersect, setdiff, setequal, union
    
    PhantomJS not found. You can install it with webshot::install_phantomjs(). If it is installed, please make sure the phantomjs executable can be found via the PATH variable.
    Warning in normalizePath(f2) :
     path[1]="webshotcf6e309706a3.png": No such file or directory
    Warning in file(con, "rb") :
     cannot open file 'webshotcf6e309706a3.png': No such file or directory
    Quitting from lines 54-55 (basic_usage.Rmd)
    Error: processing vignette 'basic_usage.Rmd' failed with diagnostics:
    cannot open the connection
    --- failed re-building ‘basic_usage.Rmd’
    
    SUMMARY: processing the following file failed:
     ‘basic_usage.Rmd’
    
    Error: Vignette re-building failed.
    Execution halted
Flavor: r-release-osx-x86_64

Version: 0.1.0
Check: re-building of vignette outputs
Result: WARN
    Error in re-building vignettes:
     ...
    Warning in engine$weave(file, quiet = quiet, encoding = enc) :
     Pandoc (>= 1.12.3) and/or pandoc-citeproc not available. Falling back to R Markdown v1.
    
    Attaching package: 'dplyr'
    
    The following objects are masked from 'package:stats':
    
     filter, lag
    
    The following objects are masked from 'package:base':
    
     intersect, setdiff, setequal, union
    
    PhantomJS not found. You can install it with webshot::install_phantomjs(). If it is installed, please make sure the phantomjs executable can be found via the PATH variable.
    Warning in normalizePath(f2) :
     path[1]="webshoteaf72ee2e4d.png": No such file or directory
    Warning in file(con, "rb") :
     cannot open file 'webshoteaf72ee2e4d.png': No such file or directory
    Quitting from lines 54-55 (basic_usage.Rmd)
    Error: processing vignette 'basic_usage.Rmd' failed with diagnostics:
    cannot open the connection
    Execution halted
Flavor: r-oldrel-osx-x86_64