CRAN Package Check Results for Package vasicek

Last updated on 2022-10-07 12:55:19 CEST.

Flavor Version Tinstall Tcheck Ttotal Status Flags
r-devel-linux-x86_64-debian-clang 0.0.3 1.48 24.28 25.76 NOTE
r-devel-linux-x86_64-debian-gcc 0.0.3 1.61 19.12 20.73 NOTE
r-devel-linux-x86_64-fedora-clang 0.0.3 45.08 NOTE
r-devel-linux-x86_64-fedora-gcc 0.0.3 44.92 NOTE
r-devel-windows-x86_64 0.0.3 11.00 52.00 63.00 NOTE
r-patched-linux-x86_64 0.0.3 1.90 23.18 25.08 NOTE
r-release-linux-x86_64 0.0.3 1.95 23.29 25.24 NOTE
r-release-macos-arm64 0.0.3 14.00 NOTE
r-release-macos-x86_64 0.0.3 20.00 NOTE
r-release-windows-x86_64 0.0.3 7.00 55.00 62.00 NOTE
r-oldrel-macos-arm64 0.0.3 17.00 NOTE
r-oldrel-macos-x86_64 0.0.3 26.00 NOTE
r-oldrel-windows-ix86+x86_64 0.0.3 5.00 42.00 47.00 NOTE

Check Details

Version: 0.0.3
Check: LazyData
Result: NOTE
     'LazyData' is specified without a 'data' directory
Flavors: r-devel-linux-x86_64-debian-clang, r-devel-linux-x86_64-debian-gcc, r-devel-linux-x86_64-fedora-clang, r-devel-linux-x86_64-fedora-gcc, r-devel-windows-x86_64, r-patched-linux-x86_64, r-release-linux-x86_64, r-release-macos-arm64, r-release-macos-x86_64, r-release-windows-x86_64, r-oldrel-macos-arm64, r-oldrel-macos-x86_64, r-oldrel-windows-ix86+x86_64