CRAN Package Check Results for Package vccp

Last updated on 2021-09-20 06:49:23 CEST.

Flavor Version Tinstall Tcheck Ttotal Status Flags
r-devel-linux-x86_64-debian-clang 0.1.1 4.53 35.49 40.02 OK
r-devel-linux-x86_64-debian-gcc 0.1.1 3.06 26.95 30.01 OK
r-devel-linux-x86_64-fedora-clang 0.1.1 56.91 OK
r-devel-linux-x86_64-fedora-gcc 0.1.1 45.71 OK
r-devel-windows-x86_64 0.1.1 6.00 38.00 44.00 OK
r-devel-windows-x86_64-gcc10-UCRT 0.1.1 ERROR
r-patched-linux-x86_64 0.1.1 3.83 33.84 37.67 OK
r-patched-solaris-x86 0.1.1 72.10 OK
r-release-linux-x86_64 0.1.1 3.95 33.82 37.77 OK
r-release-macos-arm64 0.1.1 OK
r-release-macos-x86_64 0.1.1 OK
r-release-windows-ix86+x86_64 0.1.1 9.00 38.00 47.00 OK
r-oldrel-macos-x86_64 0.1.1 OK
r-oldrel-windows-ix86+x86_64 0.1.1 9.00 36.00 45.00 OK

Check Details

Version: 0.1.1
Check: whether package can be installed
Result: WARN
    Found the following significant warnings:
     WARNING: installation-time patches will not be applied, could not get the patches index
Flavor: r-devel-windows-x86_64-gcc10-UCRT

Version: 0.1.1
Check: PDF version of manual
Result: WARN
    LaTeX errors when creating PDF version.
    This typically indicates Rd problems.
Flavor: r-devel-windows-x86_64-gcc10-UCRT

Version: 0.1.1
Check: PDF version of manual without hyperrefs or index
Result: ERROR
    Re-running with no redirection of stdout/stderr.
Flavor: r-devel-windows-x86_64-gcc10-UCRT